{"id":384,"date":"2019-07-04T13:55:15","date_gmt":"2019-07-04T12:55:15","guid":{"rendered":"https:\/\/test.www.planetgv.si\/?page_id=384"},"modified":"2024-12-19T10:28:32","modified_gmt":"2024-12-19T09:28:32","slug":"moznost-nastanitve","status":"publish","type":"page","link":"https:\/\/www.planetgv.si\/zrf\/moznost-nastanitve\/","title":{"rendered":"Mo\u017enost nastanitve"},"content":{"rendered":"<div id='av_section_1'  class='avia-section av-lv3m-111327a077a42f254663cf2db71e2475 main_color avia-section-large avia-no-border-styling  avia-builder-el-0  el_before_av_section  avia-builder-el-first  banner avia-bg-style-scroll av-minimum-height av-minimum-height-custom av-height-custom  container_wrap fullsize'   data-av_minimum_height_px='470'><div class='container av-section-cont-open' style='height:470px'><main  role=\"main\" itemprop=\"mainContentOfPage\"  class='template-page content  av-content-full alpha units'><div class='post-entry post-entry-type-page post-entry-384'><div class='entry-content-wrapper clearfix'>\n\n<style type=\"text\/css\" data-created_by=\"avia_inline_auto\" id=\"style-css-av-23ru-7ef61b0891ec58b174515093af5ef491\">\n.flex_column.av-23ru-7ef61b0891ec58b174515093af5ef491{\nborder-radius:0px 0px 0px 0px;\npadding:0px 0px 0px 0px;\n}\n<\/style>\n<div  class='flex_column av-23ru-7ef61b0891ec58b174515093af5ef491 av_one_full  avia-builder-el-1  avia-builder-el-no-sibling  first flex_column_div av-zero-column-padding  '     ><section  class='av_textblock_section av-jxk287n1-daf6901d14470a303e5a4d6391051a5d '   itemscope=\"itemscope\" itemtype=\"https:\/\/schema.org\/CreativeWork\" ><div class='avia_textblock ow-text-light'  itemprop=\"text\" ><h1>Mo\u017enost nastanitve<\/h1>\n<\/div><\/section><\/div>\n\n<\/div><\/div><\/main><!-- close content main element --><\/div><\/div><div id='av_section_2'  class='avia-section av-d6l2-6382290055c112918892936ef666182a main_color avia-section-default avia-no-border-styling  avia-builder-el-3  el_after_av_section  el_before_av_one_full  p-100 avia-bg-style-scroll container_wrap fullsize'  ><div class='container av-section-cont-open' ><div class='template-page content  av-content-full alpha units'><div class='post-entry post-entry-type-page post-entry-384'><div class='entry-content-wrapper clearfix'>\n<section  class='av_textblock_section av-jxk6w2kx-ebda07e892c453233c6a32e6d3ac6ff2 '   itemscope=\"itemscope\" itemtype=\"https:\/\/schema.org\/CreativeWork\" ><div class='avia_textblock'  itemprop=\"text\" ><h2>Za vas predlagamo nastanitev v hotelih Bernardin<\/h2>\n<p><span class=\"Y2IQFc\" lang=\"en\">Za udele\u017eence Zdravstvenega razvojnega foruma 2025 so na voljo posebne cene za no\u010ditve.<br class=\"avia-permanent-lb\" \/><\/span>Rezervacijo va\u0161e no\u010ditve po ugodnej\u0161ih cenah za udele\u017eence lahko uredite tule:<\/p>\n<\/div><\/section>\n<div  class='avia-button-wrap av-kxfwjb3w-73094ca593377fb7a008ef388b687974-wrap avia-button-center  avia-builder-el-5  el_after_av_textblock  el_before_av_hr  mt-40'>\n<style type=\"text\/css\" data-created_by=\"avia_inline_auto\" id=\"style-css-av-kxfwjb3w-73094ca593377fb7a008ef388b687974\">\n#top #wrap_all .avia-button.av-kxfwjb3w-73094ca593377fb7a008ef388b687974{\nbackground-color:#faae22;\nborder-color:#faae22;\ncolor:#ffffff;\ntransition:all 0.4s ease-in-out;\n}\n#top #wrap_all .avia-button.av-kxfwjb3w-73094ca593377fb7a008ef388b687974 .avia-svg-icon svg:first-child{\nfill:#ffffff;\nstroke:#ffffff;\n}\n<\/style>\n<a href='https:\/\/book.sava-hotels-resorts.com\/book.php?page=cross_selling&amp;companyid=205&amp;checkin=2025-03-06&amp;checkout=2025-03-07&amp;partnerid=12407&amp;ibelang=si&amp;pdest=6320&amp;crcid=c5b82a6dbc85b5287e0dac80ce8e7f69&amp;_gl=1%2A1l0r4rb%2A_gcl_au%2AMTMzMzQ4NTMzMi4xNzI5MjQ0OTc5LjE2OTUxMzI4ODguMTczMzgzMDk0NS4xNzMzODMxMjEw%2A_ga%2AMTczNTYyNDM2OC4xNzA1NTg0MDYw%2A_ga_Z0C2946LWN%2AMTczNDAxMDI1Mi4zNjguMS4xNzM0MDEwNTEzLjU3LjAuMA..'  class='avia-button av-kxfwjb3w-73094ca593377fb7a008ef388b687974 av-link-btn avia-icon_select-no avia-size-large avia-position-center'   aria-label=\"UGODNEJ\u0160A REZERVACIJA ZA UDELE\u017dENCE\"><span class='avia_iconbox_title' >UGODNEJ\u0160A REZERVACIJA ZA UDELE\u017dENCE<\/span><\/a><\/div>\n\n<style type=\"text\/css\" data-created_by=\"avia_inline_auto\" id=\"style-css-av-kxfwlsgm-aa460688a901fb0dfee2603d8d422c02\">\n#top .hr.hr-invisible.av-kxfwlsgm-aa460688a901fb0dfee2603d8d422c02{\nheight:50px;\n}\n<\/style>\n<div  class='hr av-kxfwlsgm-aa460688a901fb0dfee2603d8d422c02 hr-invisible  avia-builder-el-6  el_after_av_button  el_before_av_textblock '><span class='hr-inner '><span class=\"hr-inner-style\"><\/span><\/span><\/div>\n<section  class='av_textblock_section av-jxk6w2kx-64cda0bd511c1ece512b15903e9b5720 '   itemscope=\"itemscope\" itemtype=\"https:\/\/schema.org\/CreativeWork\" ><div class='av-desktop-hide av-medium-hide av-small-hide av-mini-hide avia_textblock'  itemprop=\"text\" ><p>V kolikor boste va\u0161o no\u010ditev rezervirali do vklju\u010dno 22. januarja 2024, vam na spodnje cene priznamo 10% popust.<\/p>\n<\/div><\/section>\n\n<style type=\"text\/css\" data-created_by=\"avia_inline_auto\" id=\"style-css-av-8zgi-9bae1662e58a81fb79e4ba2cbd947dc2\">\n.flex_column.av-8zgi-9bae1662e58a81fb79e4ba2cbd947dc2{\nborder-radius:0px 0px 0px 0px;\npadding:0px 0px 0px 0px;\n}\n<\/style>\n<div  class='flex_column av-8zgi-9bae1662e58a81fb79e4ba2cbd947dc2 av_one_half  avia-builder-el-8  el_after_av_textblock  el_before_av_one_half  bullets-top-left small first flex_column_div av-zero-column-padding  column-top-margin'     ><section  class='av_textblock_section av-jxk6wxle-35fddea9d9dc1fd388381def26b27352 '   itemscope=\"itemscope\" itemtype=\"https:\/\/schema.org\/CreativeWork\" ><div class='avia_textblock'  itemprop=\"text\" ><h5>GH Bernardin, 5*<\/h5>\n<ul>\n<li>no\u010ditev z zajtrkom v enoposteljni sobi 132,00 \u20ac<\/li>\n<li>no\u010ditev z zajtrkom v dvoposteljni sobi 152,00 \u20ac za 2 osebi<\/li>\n<li>Turisti\u010dna taksa 3,13 EUR<\/li>\n<li>Prijavnina 2,50 EUR po osebi<\/li>\n<\/ul>\n<p><img decoding=\"async\" loading=\"lazy\" class=\"alignnone size-full wp-image-1453\" src=\"https:\/\/www.planetgv.si\/zrf\/wp-content\/uploads\/sites\/14\/2020\/01\/grand-hotel-bernardin-double-room-description.jpg\" alt=\"\" width=\"1190\" height=\"762\" srcset=\"https:\/\/www.planetgv.si\/wp-content\/uploads\/sites\/14\/2020\/01\/grand-hotel-bernardin-double-room-description.jpg 1190w, https:\/\/www.planetgv.si\/wp-content\/uploads\/sites\/14\/2020\/01\/grand-hotel-bernardin-double-room-description-300x192.jpg 300w, https:\/\/www.planetgv.si\/wp-content\/uploads\/sites\/14\/2020\/01\/grand-hotel-bernardin-double-room-description-768x492.jpg 768w, https:\/\/www.planetgv.si\/wp-content\/uploads\/sites\/14\/2020\/01\/grand-hotel-bernardin-double-room-description-1030x660.jpg 1030w, https:\/\/www.planetgv.si\/wp-content\/uploads\/sites\/14\/2020\/01\/grand-hotel-bernardin-double-room-description-705x451.jpg 705w, https:\/\/www.planetgv.si\/wp-content\/uploads\/sites\/14\/2020\/01\/grand-hotel-bernardin-double-room-description-600x384.jpg 600w\" sizes=\"(max-width: 1190px) 100vw, 1190px\" \/><\/p>\n<\/div><\/section><\/div>\n<style type=\"text\/css\" data-created_by=\"avia_inline_auto\" id=\"style-css-av-6o1g-d8fdbc18fc4546a7e5f254394f0a4b3e\">\n.flex_column.av-6o1g-d8fdbc18fc4546a7e5f254394f0a4b3e{\nborder-radius:0px 0px 0px 0px;\npadding:0px 0px 0px 0px;\n}\n<\/style>\n<div  class='flex_column av-6o1g-d8fdbc18fc4546a7e5f254394f0a4b3e av_one_half  avia-builder-el-10  el_after_av_one_half  avia-builder-el-last  bullets-top-left small flex_column_div av-zero-column-padding  column-top-margin'     ><section  class='av_textblock_section av-jxk6xafv-b3f9a9e880ac0f9df76c5a83fae23ebc '   itemscope=\"itemscope\" itemtype=\"https:\/\/schema.org\/CreativeWork\" ><div class='avia_textblock'  itemprop=\"text\" ><h4>Hotel Histrion, 4*<\/h4>\n<ul>\n<li>no\u010ditev z zajtrkom v enoposteljni sobi 122,00 \u20ac<\/li>\n<li>no\u010ditev z zajtrkom v dvoposteljni sobi 142,00 \u20ac za 2 osebi<\/li>\n<li>Turisti\u010dna taksa 3,13 EUR<\/li>\n<li>Prijavnina 2,50 EUR po osebi<\/li>\n<\/ul>\n<p><img decoding=\"async\" loading=\"lazy\" class=\"alignnone size-full wp-image-1452\" src=\"https:\/\/www.planetgv.si\/zrf\/wp-content\/uploads\/sites\/14\/2020\/01\/histrion4.jpg\" alt=\"\" width=\"840\" height=\"460\" srcset=\"https:\/\/www.planetgv.si\/wp-content\/uploads\/sites\/14\/2020\/01\/histrion4.jpg 840w, https:\/\/www.planetgv.si\/wp-content\/uploads\/sites\/14\/2020\/01\/histrion4-300x164.jpg 300w, https:\/\/www.planetgv.si\/wp-content\/uploads\/sites\/14\/2020\/01\/histrion4-768x421.jpg 768w, https:\/\/www.planetgv.si\/wp-content\/uploads\/sites\/14\/2020\/01\/histrion4-705x386.jpg 705w, https:\/\/www.planetgv.si\/wp-content\/uploads\/sites\/14\/2020\/01\/histrion4-600x329.jpg 600w\" sizes=\"(max-width: 840px) 100vw, 840px\" \/><\/p>\n<\/div><\/section><\/div><\/div><\/div><\/div><!-- close content main div --><\/div><\/div><div id='after_section_2'  class='main_color av_default_container_wrap container_wrap fullsize'  ><div class='container av-section-cont-open' ><div class='template-page content  av-content-full alpha units'><div class='post-entry post-entry-type-page post-entry-384'><div class='entry-content-wrapper clearfix'>\n<style type=\"text\/css\" data-created_by=\"avia_inline_auto\" id=\"style-css-av-kx52yeol-8aa1bd0f4c839f861a41d25e556a3e16\">\n.flex_column.av-kx52yeol-8aa1bd0f4c839f861a41d25e556a3e16{\nborder-radius:0px 0px 0px 0px;\npadding:0px 0px 0px 0px;\n}\n<\/style>\n<div  class='flex_column av-kx52yeol-8aa1bd0f4c839f861a41d25e556a3e16 av_one_full  avia-builder-el-12  el_after_av_section  avia-builder-el-no-sibling  bullets-top-left small first flex_column_div av-zero-column-padding  '     ><section  class='av_textblock_section av-kx52v9bn-bf6e0dc0e3977b10d55bb111ffc8b345 '   itemscope=\"itemscope\" itemtype=\"https:\/\/schema.org\/CreativeWork\" ><div class='avia_textblock'  itemprop=\"text\" ><h2>Cena vklju\u010duje:<\/h2>\n<ul>\n<li>namestitev z zajtrkom v izbranem hotelu,<\/li>\n<li>uporabo hotelskega bazena \u2013 Paradise Spa in pla\u017ee za goste Grand hotela Bernardin,<\/li>\n<li>uporaba prenovljenega bazenskega kompleksa Istriana Hotel Histrion \u2013 Termanis za goste Grand hotela Bernardin, Hotela Histrion in Hotela Vile Park,<\/li>\n<li>brez\u017ei\u010dni dostop do interneta,<\/li>\n<li>parkiri\u0161\u010de.<\/li>\n<\/ul>\n<p>Ve\u010d informacij: T: 05 690 7000, E:\u00a0<a title=\"\" href=\"mailto:booking@h-bernardin.si\" target=\"_top\" rel=\"noopener\">booking@h-bernardin.si<\/a><\/p>\n<\/div><\/section><\/div><\/p>\n","protected":false},"excerpt":{"rendered":"","protected":false},"author":1,"featured_media":4198,"parent":0,"menu_order":0,"comment_status":"closed","ping_status":"closed","template":"","meta":{"footnotes":""},"acf":[],"yoast_head":"<!-- This site is optimized with the Yoast SEO plugin v22.6 - https:\/\/yoast.com\/wordpress\/plugins\/seo\/ -->\n<title>Mo\u017enost nastanitve - Zdravstveni razvojni forum<\/title>\n<meta name=\"robots\" content=\"index, follow, max-snippet:-1, max-image-preview:large, max-video-preview:-1\" \/>\n<link rel=\"canonical\" href=\"https:\/\/www.planetgv.si\/zrf\/moznost-nastanitve\/\" \/>\n<meta property=\"og:locale\" content=\"sl_SI\" \/>\n<meta property=\"og:type\" content=\"article\" \/>\n<meta property=\"og:title\" content=\"Mo\u017enost nastanitve - Zdravstveni razvojni forum\" \/>\n<meta property=\"og:url\" content=\"https:\/\/www.planetgv.si\/zrf\/moznost-nastanitve\/\" \/>\n<meta property=\"og:site_name\" content=\"Zdravstveni razvojni forum\" \/>\n<meta property=\"article:modified_time\" content=\"2024-12-19T09:28:32+00:00\" \/>\n<meta property=\"og:image\" content=\"https:\/\/www.planetgv.si\/zrf\/wp-content\/uploads\/sites\/14\/2021\/12\/ZRF22_OG_Image_1200x630px.png\" \/>\n\t<meta property=\"og:image:width\" content=\"1200\" \/>\n\t<meta property=\"og:image:height\" content=\"630\" \/>\n\t<meta property=\"og:image:type\" content=\"image\/png\" \/>\n<meta name=\"twitter:card\" content=\"summary_large_image\" \/>\n<meta name=\"twitter:label1\" content=\"Est. reading time\" \/>\n\t<meta name=\"twitter:data1\" content=\"2 minuti\" \/>\n<script type=\"application\/ld+json\" class=\"yoast-schema-graph\">{\"@context\":\"https:\/\/schema.org\",\"@graph\":[{\"@type\":\"WebPage\",\"@id\":\"https:\/\/www.planetgv.si\/zrf\/moznost-nastanitve\/\",\"url\":\"https:\/\/www.planetgv.si\/zrf\/moznost-nastanitve\/\",\"name\":\"Mo\u017enost nastanitve - Zdravstveni razvojni forum\",\"isPartOf\":{\"@id\":\"https:\/\/www.planetgv.si\/zrf\/#website\"},\"primaryImageOfPage\":{\"@id\":\"https:\/\/www.planetgv.si\/zrf\/moznost-nastanitve\/#primaryimage\"},\"image\":{\"@id\":\"https:\/\/www.planetgv.si\/zrf\/moznost-nastanitve\/#primaryimage\"},\"thumbnailUrl\":\"https:\/\/www.planetgv.si\/wp-content\/uploads\/sites\/14\/2023\/01\/ZRF23_OG_Image_1200x630px.png\",\"datePublished\":\"2019-07-04T12:55:15+00:00\",\"dateModified\":\"2024-12-19T09:28:32+00:00\",\"breadcrumb\":{\"@id\":\"https:\/\/www.planetgv.si\/zrf\/moznost-nastanitve\/#breadcrumb\"},\"inLanguage\":\"sl-SI\",\"potentialAction\":[{\"@type\":\"ReadAction\",\"target\":[\"https:\/\/www.planetgv.si\/zrf\/moznost-nastanitve\/\"]}]},{\"@type\":\"ImageObject\",\"inLanguage\":\"sl-SI\",\"@id\":\"https:\/\/www.planetgv.si\/zrf\/moznost-nastanitve\/#primaryimage\",\"url\":\"https:\/\/www.planetgv.si\/wp-content\/uploads\/sites\/14\/2023\/01\/ZRF23_OG_Image_1200x630px.png\",\"contentUrl\":\"https:\/\/www.planetgv.si\/wp-content\/uploads\/sites\/14\/2023\/01\/ZRF23_OG_Image_1200x630px.png\",\"width\":1200,\"height\":630},{\"@type\":\"BreadcrumbList\",\"@id\":\"https:\/\/www.planetgv.si\/zrf\/moznost-nastanitve\/#breadcrumb\",\"itemListElement\":[{\"@type\":\"ListItem\",\"position\":1,\"name\":\"Home\",\"item\":\"https:\/\/www.planetgv.si\/zrf\/homepage\/\"},{\"@type\":\"ListItem\",\"position\":2,\"name\":\"Mo\u017enost nastanitve\"}]},{\"@type\":\"WebSite\",\"@id\":\"https:\/\/www.planetgv.si\/zrf\/#website\",\"url\":\"https:\/\/www.planetgv.si\/zrf\/\",\"name\":\"Zdravstveni razvojni forum\",\"description\":\"Zdravstveni razvojni forum\",\"publisher\":{\"@id\":\"https:\/\/www.planetgv.si\/zrf\/#organization\"},\"potentialAction\":[{\"@type\":\"SearchAction\",\"target\":{\"@type\":\"EntryPoint\",\"urlTemplate\":\"https:\/\/www.planetgv.si\/zrf\/?s={search_term_string}\"},\"query-input\":\"required name=search_term_string\"}],\"inLanguage\":\"sl-SI\"},{\"@type\":\"Organization\",\"@id\":\"https:\/\/www.planetgv.si\/zrf\/#organization\",\"name\":\"Zdravstveni razvojni forum\",\"url\":\"https:\/\/www.planetgv.si\/zrf\/\",\"logo\":{\"@type\":\"ImageObject\",\"inLanguage\":\"sl-SI\",\"@id\":\"https:\/\/www.planetgv.si\/zrf\/#\/schema\/logo\/image\/\",\"url\":\"https:\/\/www.planetgv.si\/zrf\/wp-content\/uploads\/sites\/14\/2021\/01\/ZRF_logo_400_400.jpg\",\"contentUrl\":\"https:\/\/www.planetgv.si\/zrf\/wp-content\/uploads\/sites\/14\/2021\/01\/ZRF_logo_400_400.jpg\",\"width\":400,\"height\":400,\"caption\":\"Zdravstveni razvojni forum\"},\"image\":{\"@id\":\"https:\/\/www.planetgv.si\/zrf\/#\/schema\/logo\/image\/\"}}]}<\/script>\n<!-- \/ Yoast SEO plugin. -->","yoast_head_json":{"title":"Mo\u017enost nastanitve - Zdravstveni razvojni forum","robots":{"index":"index","follow":"follow","max-snippet":"max-snippet:-1","max-image-preview":"max-image-preview:large","max-video-preview":"max-video-preview:-1"},"canonical":"https:\/\/www.planetgv.si\/zrf\/moznost-nastanitve\/","og_locale":"sl_SI","og_type":"article","og_title":"Mo\u017enost nastanitve - Zdravstveni razvojni forum","og_url":"https:\/\/www.planetgv.si\/zrf\/moznost-nastanitve\/","og_site_name":"Zdravstveni razvojni forum","article_modified_time":"2024-12-19T09:28:32+00:00","og_image":[{"width":1200,"height":630,"url":"https:\/\/www.planetgv.si\/zrf\/wp-content\/uploads\/sites\/14\/2021\/12\/ZRF22_OG_Image_1200x630px.png","type":"image\/png"}],"twitter_card":"summary_large_image","twitter_misc":{"Est. reading time":"2 minuti"},"schema":{"@context":"https:\/\/schema.org","@graph":[{"@type":"WebPage","@id":"https:\/\/www.planetgv.si\/zrf\/moznost-nastanitve\/","url":"https:\/\/www.planetgv.si\/zrf\/moznost-nastanitve\/","name":"Mo\u017enost nastanitve - Zdravstveni razvojni forum","isPartOf":{"@id":"https:\/\/www.planetgv.si\/zrf\/#website"},"primaryImageOfPage":{"@id":"https:\/\/www.planetgv.si\/zrf\/moznost-nastanitve\/#primaryimage"},"image":{"@id":"https:\/\/www.planetgv.si\/zrf\/moznost-nastanitve\/#primaryimage"},"thumbnailUrl":"https:\/\/www.planetgv.si\/wp-content\/uploads\/sites\/14\/2023\/01\/ZRF23_OG_Image_1200x630px.png","datePublished":"2019-07-04T12:55:15+00:00","dateModified":"2024-12-19T09:28:32+00:00","breadcrumb":{"@id":"https:\/\/www.planetgv.si\/zrf\/moznost-nastanitve\/#breadcrumb"},"inLanguage":"sl-SI","potentialAction":[{"@type":"ReadAction","target":["https:\/\/www.planetgv.si\/zrf\/moznost-nastanitve\/"]}]},{"@type":"ImageObject","inLanguage":"sl-SI","@id":"https:\/\/www.planetgv.si\/zrf\/moznost-nastanitve\/#primaryimage","url":"https:\/\/www.planetgv.si\/wp-content\/uploads\/sites\/14\/2023\/01\/ZRF23_OG_Image_1200x630px.png","contentUrl":"https:\/\/www.planetgv.si\/wp-content\/uploads\/sites\/14\/2023\/01\/ZRF23_OG_Image_1200x630px.png","width":1200,"height":630},{"@type":"BreadcrumbList","@id":"https:\/\/www.planetgv.si\/zrf\/moznost-nastanitve\/#breadcrumb","itemListElement":[{"@type":"ListItem","position":1,"name":"Home","item":"https:\/\/www.planetgv.si\/zrf\/homepage\/"},{"@type":"ListItem","position":2,"name":"Mo\u017enost nastanitve"}]},{"@type":"WebSite","@id":"https:\/\/www.planetgv.si\/zrf\/#website","url":"https:\/\/www.planetgv.si\/zrf\/","name":"Zdravstveni razvojni forum","description":"Zdravstveni razvojni forum","publisher":{"@id":"https:\/\/www.planetgv.si\/zrf\/#organization"},"potentialAction":[{"@type":"SearchAction","target":{"@type":"EntryPoint","urlTemplate":"https:\/\/www.planetgv.si\/zrf\/?s={search_term_string}"},"query-input":"required name=search_term_string"}],"inLanguage":"sl-SI"},{"@type":"Organization","@id":"https:\/\/www.planetgv.si\/zrf\/#organization","name":"Zdravstveni razvojni forum","url":"https:\/\/www.planetgv.si\/zrf\/","logo":{"@type":"ImageObject","inLanguage":"sl-SI","@id":"https:\/\/www.planetgv.si\/zrf\/#\/schema\/logo\/image\/","url":"https:\/\/www.planetgv.si\/zrf\/wp-content\/uploads\/sites\/14\/2021\/01\/ZRF_logo_400_400.jpg","contentUrl":"https:\/\/www.planetgv.si\/zrf\/wp-content\/uploads\/sites\/14\/2021\/01\/ZRF_logo_400_400.jpg","width":400,"height":400,"caption":"Zdravstveni razvojni forum"},"image":{"@id":"https:\/\/www.planetgv.si\/zrf\/#\/schema\/logo\/image\/"}}]}},"_links":{"self":[{"href":"https:\/\/www.planetgv.si\/zrf\/wp-json\/wp\/v2\/pages\/384"}],"collection":[{"href":"https:\/\/www.planetgv.si\/zrf\/wp-json\/wp\/v2\/pages"}],"about":[{"href":"https:\/\/www.planetgv.si\/zrf\/wp-json\/wp\/v2\/types\/page"}],"author":[{"embeddable":true,"href":"https:\/\/www.planetgv.si\/zrf\/wp-json\/wp\/v2\/users\/1"}],"replies":[{"embeddable":true,"href":"https:\/\/www.planetgv.si\/zrf\/wp-json\/wp\/v2\/comments?post=384"}],"version-history":[{"count":0,"href":"https:\/\/www.planetgv.si\/zrf\/wp-json\/wp\/v2\/pages\/384\/revisions"}],"wp:featuredmedia":[{"embeddable":true,"href":"https:\/\/www.planetgv.si\/zrf\/wp-json\/wp\/v2\/media\/4198"}],"wp:attachment":[{"href":"https:\/\/www.planetgv.si\/zrf\/wp-json\/wp\/v2\/media?parent=384"}],"curies":[{"name":"wp","href":"https:\/\/api.w.org\/{rel}","templated":true}]}}