{"id":1126,"date":"2019-09-20T10:53:23","date_gmt":"2019-09-20T09:53:23","guid":{"rendered":"https:\/\/www.planetgv.si\/zlatikamen\/?page_id=1126"},"modified":"2025-10-27T12:49:51","modified_gmt":"2025-10-27T11:49:51","slug":"sponzorstvo","status":"publish","type":"page","link":"https:\/\/www.planetgv.si\/zlati-kamen\/sponzorstvo\/","title":{"rendered":"Partnerstvo"},"content":{"rendered":"<div id='av_section_1'  class='avia-section av-lv3m-111327a077a42f254663cf2db71e2475 main_color avia-section-large avia-no-border-styling  avia-builder-el-0  el_before_av_section  avia-builder-el-first  banner avia-bg-style-scroll av-minimum-height av-minimum-height-custom av-height-custom  container_wrap fullsize'   data-av_minimum_height_px='470'><div class='container av-section-cont-open' style='height:470px'><main  role=\"main\" itemprop=\"mainContentOfPage\"  class='template-page content  av-content-full alpha units'><div class='post-entry post-entry-type-page post-entry-1126'><div class='entry-content-wrapper clearfix'>\n\n<style type=\"text\/css\" data-created_by=\"avia_inline_auto\" id=\"style-css-av-23ru-7ef61b0891ec58b174515093af5ef491\">\n.flex_column.av-23ru-7ef61b0891ec58b174515093af5ef491{\nborder-radius:0px 0px 0px 0px;\npadding:0px 0px 0px 0px;\n}\n<\/style>\n<div  class='flex_column av-23ru-7ef61b0891ec58b174515093af5ef491 av_one_full  avia-builder-el-1  avia-builder-el-no-sibling  first flex_column_div av-zero-column-padding  '     ><section  class='av_textblock_section av-jxk287n1-daf6901d14470a303e5a4d6391051a5d '   itemscope=\"itemscope\" itemtype=\"https:\/\/schema.org\/CreativeWork\" ><div class='avia_textblock ow-text-light'  itemprop=\"text\" ><h1>Postanite partner<\/h1>\n<\/div><\/section><\/div>\n\n<\/div><\/div><\/main><!-- close content main element --><\/div><\/div><div id='av_section_2'  class='avia-section av-k0vzrm86-cbc004a0f733764f5e752ab5f21cd6bc main_color avia-section-default avia-no-border-styling  avia-builder-el-3  el_after_av_section  el_before_av_section  pt-100 invalid-custom-class-found avia-bg-style-scroll container_wrap fullsize'  ><div class='container av-section-cont-open' ><div class='template-page content  av-content-full alpha units'><div class='post-entry post-entry-type-page post-entry-1126'><div class='entry-content-wrapper clearfix'>\n\n<style type=\"text\/css\" data-created_by=\"avia_inline_auto\" id=\"style-css-av-2d819pi-270503a55341927c486411cb79ff377e\">\n.flex_column.av-2d819pi-270503a55341927c486411cb79ff377e{\nborder-radius:0px 0px 0px 0px;\npadding:0px 0px 0px 0px;\n}\n<\/style>\n<div  class='flex_column av-2d819pi-270503a55341927c486411cb79ff377e av_one_half  avia-builder-el-4  el_before_av_one_half  avia-builder-el-first  first flex_column_div av-zero-column-padding  '     ><section  class='av_textblock_section av-k0vzs5ma-3f38067ebdf1d4bfb26a5d5147fc8781 '   itemscope=\"itemscope\" itemtype=\"https:\/\/schema.org\/CreativeWork\" ><div class='avia_textblock'  itemprop=\"text\" ><h2 style=\"text-align: left\" align=\"center\">Izpostavite svojo vlogo, postanite na\u0161 partner<\/h2>\n<\/div><\/section><br \/>\n<section  class='av_textblock_section av-k0vzsse9-0e3ff3e7b46c389990fc7e1fe0f5ad2b '   itemscope=\"itemscope\" itemtype=\"https:\/\/schema.org\/CreativeWork\" ><div class='avia_textblock ow-text'  itemprop=\"text\" ><p>Vas zanima sodelovanje na konferenci, kjer bomo zdru\u017eili mo\u010di na temelju povezovanja, razvoja stroke in dviga njenega pomena v poslovni skupnosti? Va\u0161e sodelovanje na konferenci predstavlja neprecenljivo prilo\u017enost za izmenjavo strokovnega znanja, spoznavanje novih ljudi ter vzpostavljanje novih poslovnih vezi in negovanje \u017ee obstoje\u010dih partnerstev. Va\u0161a prisotnost ne bo samo izbolj\u0161ala va\u0161e prepoznavnosti, temve\u010d bo tudi okrepila vidnost in pomen celotne panoge.<\/p>\n<p>Ne zamudite te izjemne prilo\u017enosti, da javno izpostavite svojo vlogo v tem hitro razvijajo\u010dem se podro\u010dju. Pripravili smo razli\u010dne mo\u017enosti sodelovanja, ki jih lahko prilagodimo va\u0161im specifi\u010dnim ciljem in \u017eeljam. Za ve\u010d informacij o mo\u017enostih sodelovanja in kako lahko skupaj ustvarimo ve\u010djo vrednost, se obrnite na nas na zlatikamen@planetgv.si. Skupaj lahko ustvarimo dogodek, ki bo prina\u0161al vrednost za vse!<\/p>\n<p><strong>Gregor Baj\u017eelj, skrbnik klju\u010dnih strank Planet GV<\/strong><br \/>\n<a href=\"tel:0038640785700\">+386 40 785 700<\/a><br \/>\n<a href=\"mailto:gregor@planetgv.si\" target=\"_blank\" rel=\"noopener\">gregor@planetgv.si<\/a><\/p>\n<\/div><\/section><\/p><\/div>\n<style type=\"text\/css\" data-created_by=\"avia_inline_auto\" id=\"style-css-av-2bln2p2-d9ae34410d34bc76da6465cffb216e8c\">\n.flex_column.av-2bln2p2-d9ae34410d34bc76da6465cffb216e8c{\nborder-radius:0px 0px 0px 0px;\npadding:0px 0px 0px 0px;\n}\n<\/style>\n<div  class='flex_column av-2bln2p2-d9ae34410d34bc76da6465cffb216e8c av_one_half  avia-builder-el-7  el_after_av_one_half  avia-builder-el-last  flex_column_div av-zero-column-padding  '     ><style type=\"text\/css\" data-created_by=\"avia_inline_auto\" id=\"style-css-av-k0vzte51-109b2ec67bb32a49cb635f6df5636812\">\n.avia-image-container.av-k0vzte51-109b2ec67bb32a49cb635f6df5636812 img.avia_image{\nbox-shadow:none;\n}\n.avia-image-container.av-k0vzte51-109b2ec67bb32a49cb635f6df5636812 .av-image-caption-overlay-center{\ncolor:#ffffff;\n}\n<\/style>\n<div  class='avia-image-container av-k0vzte51-109b2ec67bb32a49cb635f6df5636812 av-styling- avia-align-center  avia-builder-el-8  avia-builder-el-no-sibling  bullets-top-left'   itemprop=\"image\" itemscope=\"itemscope\" itemtype=\"https:\/\/schema.org\/ImageObject\" ><div class=\"avia-image-container-inner\"><div class=\"avia-image-overlay-wrap\"><img decoding=\"async\" fetchpriority=\"high\" class='wp-image-1972 avia-img-lazy-loading-not-1972 avia_image ' src=\"https:\/\/www.planetgv.si\/wp-content\/uploads\/sites\/12\/2020\/02\/KKK_8863-1030x687.jpg\" alt='' title='KKK_8863'  height=\"687\" width=\"1030\"  itemprop=\"thumbnailUrl\" srcset=\"https:\/\/www.planetgv.si\/wp-content\/uploads\/sites\/12\/2020\/02\/KKK_8863-1030x687.jpg 1030w, https:\/\/www.planetgv.si\/wp-content\/uploads\/sites\/12\/2020\/02\/KKK_8863-300x200.jpg 300w, https:\/\/www.planetgv.si\/wp-content\/uploads\/sites\/12\/2020\/02\/KKK_8863-768x512.jpg 768w, https:\/\/www.planetgv.si\/wp-content\/uploads\/sites\/12\/2020\/02\/KKK_8863-1500x1000.jpg 1500w, https:\/\/www.planetgv.si\/wp-content\/uploads\/sites\/12\/2020\/02\/KKK_8863-705x470.jpg 705w, https:\/\/www.planetgv.si\/wp-content\/uploads\/sites\/12\/2020\/02\/KKK_8863-600x400.jpg 600w\" sizes=\"(max-width: 1030px) 100vw, 1030px\" \/><\/div><\/div><\/div><\/div>\n\n<\/div><\/div><\/div><!-- close content main div --><\/div><\/div>\n<style type=\"text\/css\" data-created_by=\"avia_inline_auto\" id=\"style-css-av-jxls4417-e8156566dfe7acdf9670bda88ac0affe\">\n.avia-section.av-jxls4417-e8156566dfe7acdf9670bda88ac0affe{\nbackground-color:#f9f9f9;\nbackground-image:unset;\n}\n<\/style>\n<div id='av_section_3'  class='avia-section av-jxls4417-e8156566dfe7acdf9670bda88ac0affe main_color avia-section-default avia-no-border-styling  avia-builder-el-9  el_after_av_section  el_before_av_section  ow-placeholder av-desktop-hide av-medium-hide av-small-hide av-mini-hide avia-bg-style-scroll container_wrap fullsize'  ><div class='container av-section-cont-open' ><div class='template-page content  av-content-full alpha units'><div class='post-entry post-entry-type-page post-entry-1126'><div class='entry-content-wrapper clearfix'>\n\n<style type=\"text\/css\" data-created_by=\"avia_inline_auto\" id=\"style-css-av-jxls2sqe-9ee2f2e231a2bc453679d5e42f88ec39\">\n#top .hr.hr-invisible.av-jxls2sqe-9ee2f2e231a2bc453679d5e42f88ec39{\nheight:30px;\n}\n<\/style>\n<div  class='hr av-jxls2sqe-9ee2f2e231a2bc453679d5e42f88ec39 hr-invisible  avia-builder-el-10  avia-builder-el-no-sibling '><span class='hr-inner '><span class=\"hr-inner-style\"><\/span><\/span><\/div>\n\n<\/div><\/div><\/div><!-- close content main div --><\/div><\/div><div id='av_section_4'  class='avia-section av-3na3ra-811d553645e5c0cb1a60bf6f8b5628c9 main_color avia-section-default avia-no-border-styling  avia-builder-el-11  el_after_av_section  el_before_av_section  av-desktop-hide av-medium-hide av-small-hide av-mini-hide avia-bg-style-scroll container_wrap fullsize'  ><div class='container av-section-cont-open' ><div class='template-page content  av-content-full alpha units'><div class='post-entry post-entry-type-page post-entry-1126'><div class='entry-content-wrapper clearfix'>\n<section  class='av_textblock_section av-k0vzva10-f7c75eb8602f3a8f9533db531374af68 '   itemscope=\"itemscope\" itemtype=\"https:\/\/schema.org\/CreativeWork\" ><div class='avia_textblock ow-text-color'  itemprop=\"text\" ><h2 style=\"text-align: center\">Partnerji konference Zlati kamen<\/h2>\n<\/div><\/section>\n\n<\/div><\/div><\/div><!-- close content main div --><\/div><\/div><div id='av_section_5'  class='avia-section av-k0vzudxq-70333ccb5837247a304c7e48670fbfa1 main_color avia-section-no-padding avia-no-border-styling  avia-builder-el-13  el_after_av_section  el_before_av_section  ow-homepage-partners av-desktop-hide av-medium-hide av-small-hide av-mini-hide avia-bg-style-scroll container_wrap fullsize'  ><div class='container av-section-cont-open' ><div class='template-page content  av-content-full alpha units'><div class='post-entry post-entry-type-page post-entry-1126'><div class='entry-content-wrapper clearfix'>\n\n<style type=\"text\/css\" data-created_by=\"avia_inline_auto\" id=\"style-css-av-2zaz86-64bec7cdbc72a9027cd8ca19aa12a3e3\">\n.flex_column.av-2zaz86-64bec7cdbc72a9027cd8ca19aa12a3e3{\nborder-radius:0px 0px 0px 0px;\npadding:0px 0px 0px 0px;\n}\n<\/style>\n<div  class='flex_column av-2zaz86-64bec7cdbc72a9027cd8ca19aa12a3e3 av_one_full  avia-builder-el-14  el_before_av_one_full  avia-builder-el-first  first flex_column_div av-zero-column-padding  '     ><section  class='av_textblock_section av-m6jf4y5v-52a1ff9bd8c249042530be5da4b7d350 '   itemscope=\"itemscope\" itemtype=\"https:\/\/schema.org\/CreativeWork\" ><div class='avia_textblock ow-text-color'  itemprop=\"text\" ><h3 style=\"text-align: center\">PARTNERJI<\/h3>\n<\/div><\/section><br \/>\n<div  class='avia-logo-element-container av-m6jf6uiu-c88eee306f30a630be75a9e42d4efb78 av-border-deactivate avia-logo-grid avia-content-slider avia-smallarrow-slider avia-content-grid-active noHover avia-content-slider-odd  avia-builder-el-16  el_after_av_textblock  avia-builder-el-last  ow-logo-partnerji avia-content-slider1' ><div class='avia-smallarrow-slider-heading  no-logo-slider-heading '><div class='new-special-heading'>&nbsp;<\/div><\/div><div class=\"avia-content-slider-inner\"><div class=\"slide-entry-wrap\"><div  class='slide-entry av-m6jf6u2n-0a3b875b147ab48ff0516f40a6f8bd81 flex_column no_margin av_fullwidth real-thumbnail post-entry slide-entry-overview slide-loop-1 slide-parity-odd  first'><a href=\"https:\/\/www.doba.si\/\" data-rel='slide-1' class='slide-image' title='' target=\"_blank\" rel=\"noopener noreferrer\"><img width=\"420\" height=\"226\" src=\"https:\/\/www.planetgv.si\/wp-content\/uploads\/sites\/12\/2025\/01\/DOBA.png\" class=\"wp-image-5167 avia-img-lazy-loading-5167 attachment-no scaling size-no scaling\" alt=\"\" decoding=\"async\" loading=\"lazy\" srcset=\"https:\/\/www.planetgv.si\/wp-content\/uploads\/sites\/12\/2025\/01\/DOBA.png 420w, https:\/\/www.planetgv.si\/wp-content\/uploads\/sites\/12\/2025\/01\/DOBA-300x161.png 300w\" sizes=\"(max-width: 420px) 100vw, 420px\" \/><\/a><\/div><\/div><div class=\"slide-entry-wrap\"><div  class='slide-entry av-m6jf629z-07c41a0176b5dda03243a28999fa8d2f flex_column no_margin av_fullwidth real-thumbnail post-entry slide-entry-overview slide-loop-2 slide-parity-odd  first'><a href=\"https:\/\/www.sid.si\/obcine\" data-rel='slide-1' class='slide-image' title='' target=\"_blank\" rel=\"noopener noreferrer\"><img width=\"420\" height=\"226\" src=\"https:\/\/www.planetgv.si\/wp-content\/uploads\/sites\/12\/2025\/01\/SID-banka.png\" class=\"wp-image-5168 avia-img-lazy-loading-5168 attachment-no scaling size-no scaling\" alt=\"\" decoding=\"async\" loading=\"lazy\" srcset=\"https:\/\/www.planetgv.si\/wp-content\/uploads\/sites\/12\/2025\/01\/SID-banka.png 420w, https:\/\/www.planetgv.si\/wp-content\/uploads\/sites\/12\/2025\/01\/SID-banka-300x161.png 300w\" sizes=\"(max-width: 420px) 100vw, 420px\" \/><\/a><\/div><\/div><div class=\"slide-entry-wrap\"><div  class='slide-entry av-m7n9mkaq-a877be974cad1d9846a05de4ceab5a25 flex_column no_margin av_fullwidth real-thumbnail post-entry slide-entry-overview slide-loop-3 slide-parity-odd post-entry-last first'><a href=\"https:\/\/www.toyota.si\/\" data-rel='slide-1' class='slide-image' title='' target=\"_blank\" rel=\"noopener noreferrer\"><img width=\"210\" height=\"113\" src=\"https:\/\/www.planetgv.si\/wp-content\/uploads\/sites\/12\/2025\/02\/Toyota.png\" class=\"wp-image-5193 avia-img-lazy-loading-5193 attachment-no scaling size-no scaling\" alt=\"\" decoding=\"async\" loading=\"lazy\" \/><\/a><\/div><\/div><\/div><\/div><\/p><\/div>\n<style type=\"text\/css\" data-created_by=\"avia_inline_auto\" id=\"style-css-av-29li71i-1f40cc91f766187850fae915ded1f765\">\n.flex_column.av-29li71i-1f40cc91f766187850fae915ded1f765{\nborder-radius:0px 0px 0px 0px;\npadding:0px 0px 0px 0px;\n}\n<\/style>\n<div  class='flex_column av-29li71i-1f40cc91f766187850fae915ded1f765 av_one_full  avia-builder-el-17  el_after_av_one_full  avia-builder-el-last  first flex_column_div av-zero-column-padding  column-top-margin'     ><section  class='av_textblock_section av-k0vzva10-18-46137100d9a8874e4de02d09331d7097 '   itemscope=\"itemscope\" itemtype=\"https:\/\/schema.org\/CreativeWork\" ><div class='avia_textblock ow-text-color'  itemprop=\"text\" ><h3 style=\"text-align: center\">MEDIJSKI PARTNER<\/h3>\n<\/div><\/section><br \/>\n<div  class='avia-logo-element-container av-k0vzxg0f-17-b937ac518f1d10634a1f1115d4e5eaef av-border-deactivate avia-logo-grid avia-content-slider avia-smallarrow-slider avia-content-grid-active noHover avia-content-slider-odd  avia-builder-el-19  el_after_av_textblock  avia-builder-el-last  ow-logo-partnerji avia-content-slider2' ><div class='avia-smallarrow-slider-heading  no-logo-slider-heading '><div class='new-special-heading'>&nbsp;<\/div><\/div><div class=\"avia-content-slider-inner\"><div class=\"slide-entry-wrap\"><div  class='slide-entry av-1tlkau-756f4618dbb1897ec0e62272ce737e93 flex_column no_margin av_fullwidth real-thumbnail post-entry slide-entry-overview slide-loop-1 slide-parity-odd post-entry-last first'><a href=\"https:\/\/www.mojaobcina.si\/aktualno\/\" data-rel='slide-2' class='slide-image' title='' target=\"_blank\" rel=\"noopener noreferrer\"><img width=\"210\" height=\"113\" src=\"https:\/\/www.planetgv.si\/wp-content\/uploads\/sites\/12\/2025\/01\/Mojaobcina.png\" class=\"wp-image-5132 avia-img-lazy-loading-5132 attachment-no scaling size-no scaling\" alt=\"\" decoding=\"async\" loading=\"lazy\" \/><\/a><\/div><\/div><\/div><\/div><\/p><\/div>\n\n<\/div><\/div><\/div><!-- close content main div --><\/div><\/div>\n<style type=\"text\/css\" data-created_by=\"avia_inline_auto\" id=\"style-css-av-jxls4417-28-17bd8203124e4ba04c01e1d15fd23df1\">\n.avia-section.av-jxls4417-28-17bd8203124e4ba04c01e1d15fd23df1{\nbackground-color:#f9f9f9;\nbackground-image:unset;\n}\n<\/style>\n<div id='av_section_6'  class='avia-section av-jxls4417-28-17bd8203124e4ba04c01e1d15fd23df1 main_color avia-section-default avia-no-border-styling  avia-builder-el-20  el_after_av_section  el_before_av_section  ow-placeholder av-desktop-hide av-medium-hide av-small-hide av-mini-hide avia-bg-style-scroll container_wrap fullsize'  ><div class='container av-section-cont-open' ><div class='template-page content  av-content-full alpha units'><div class='post-entry post-entry-type-page post-entry-1126'><div class='entry-content-wrapper clearfix'>\n\n<style type=\"text\/css\" data-created_by=\"avia_inline_auto\" id=\"style-css-av-jxls2sqe-1-7c1869d222344ab6f285cb21efde3774\">\n#top .hr.hr-invisible.av-jxls2sqe-1-7c1869d222344ab6f285cb21efde3774{\nheight:30px;\n}\n<\/style>\n<div  class='hr av-jxls2sqe-1-7c1869d222344ab6f285cb21efde3774 hr-invisible  avia-builder-el-21  avia-builder-el-no-sibling '><span class='hr-inner '><span class=\"hr-inner-style\"><\/span><\/span><\/div>\n\n<\/div><\/div><\/div><!-- close content main div --><\/div><\/div><div id='av_section_7'  class='avia-section av-k0w02ogz-9c61de965face4372cf449cb7c936fd5 main_color avia-section-no-padding avia-no-border-styling  avia-builder-el-22  el_after_av_section  avia-builder-el-last  ow-reviews-block av-desktop-hide av-medium-hide av-small-hide av-mini-hide avia-bg-style-scroll container_wrap fullsize'  ><div class='container av-section-cont-open' ><div class='template-page content  av-content-full alpha units'><div class='post-entry post-entry-type-page post-entry-1126'><div class='entry-content-wrapper clearfix'>\n<section  class='av_textblock_section av-k0w032ew-bb2f8797fdf23452f3435e3314511e83 '   itemscope=\"itemscope\" itemtype=\"https:\/\/schema.org\/CreativeWork\" ><div class='avia_textblock'  itemprop=\"text\" ><h2 style=\"text-align: center\">Zakaj je dobro biti v na\u0161i dru\u017ebi?<\/h2>\n<\/div><\/section>\n<section  class='av_textblock_section av-k0w03eir-16e4df1861d503e5d4abfc72a3c525f1 '   itemscope=\"itemscope\" itemtype=\"https:\/\/schema.org\/CreativeWork\" ><div class='avia_textblock'  itemprop=\"text\" ><p style=\"text-align: center\"><div class=\"ow-reviwes-slider-container\"><div class=\"ow-reviwes-slider-wrap\"><div class=\"ow-reviews-slider-nav\"><div class=\"ow-img-thumbnail\"><img class=\"circle-image\" src=\"\" \/><\/div><\/div><div class=\"ow-reviews-slider\"><div class=\"ow-review\"><div class=\"review-wrap\"><p class=\"text\"><p>Lorem ipsum dolor sit amet, consectetur adipiscing elit. Sed ac velit nec urna consequat feugiat sed sit amet nisi. Praesent dignissim euismod eros, quis molestie orci imperdiet nec. Praesent venenatis sapien enim, quis suscipit neque gravida sed. Maecenas malesuada eu risus in vestibulum. Mauris a pretium est, in porta enim. <\/p>\n<\/p><div class=\"img-wrap\"><img class=\"circle-image\" src=\"\" \/><\/div><p class=\"quote-author ow-text-color\"><b>ime in priimek<\/b><\/p><p class=\"quote-company\">podjetje<\/p><\/div><\/div><\/div><\/div><\/div><\/p>\n<\/div><\/section>\n\n","protected":false},"excerpt":{"rendered":"","protected":false},"author":1,"featured_media":5214,"parent":0,"menu_order":0,"comment_status":"closed","ping_status":"closed","template":"","meta":{"footnotes":""},"acf":[],"yoast_head":"<!-- This site is optimized with the Yoast SEO plugin v22.6 - https:\/\/yoast.com\/wordpress\/plugins\/seo\/ -->\n<title>Partnerstvo - Zlati kamen<\/title>\n<meta name=\"robots\" content=\"index, follow, max-snippet:-1, max-image-preview:large, max-video-preview:-1\" \/>\n<link rel=\"canonical\" href=\"https:\/\/www.planetgv.si\/zlati-kamen\/sponzorstvo\/\" \/>\n<meta property=\"og:locale\" content=\"sl_SI\" \/>\n<meta property=\"og:type\" content=\"article\" \/>\n<meta property=\"og:title\" content=\"Partnerstvo - Zlati kamen\" \/>\n<meta property=\"og:url\" content=\"https:\/\/www.planetgv.si\/zlati-kamen\/sponzorstvo\/\" \/>\n<meta property=\"og:site_name\" content=\"Zlati kamen\" \/>\n<meta property=\"article:modified_time\" content=\"2025-10-27T11:49:51+00:00\" \/>\n<meta property=\"og:image\" content=\"https:\/\/www.planetgv.si\/wp-content\/uploads\/sites\/12\/2025\/03\/ZK25_OG-Image_1200x630px.png\" \/>\n\t<meta property=\"og:image:width\" content=\"1200\" \/>\n\t<meta property=\"og:image:height\" content=\"630\" \/>\n\t<meta property=\"og:image:type\" content=\"image\/png\" \/>\n<meta name=\"twitter:card\" content=\"summary_large_image\" \/>\n<meta name=\"twitter:label1\" content=\"Est. reading time\" \/>\n\t<meta name=\"twitter:data1\" content=\"2 minuti\" \/>\n<script type=\"application\/ld+json\" class=\"yoast-schema-graph\">{\"@context\":\"https:\/\/schema.org\",\"@graph\":[{\"@type\":\"WebPage\",\"@id\":\"https:\/\/www.planetgv.si\/zlati-kamen\/sponzorstvo\/\",\"url\":\"https:\/\/www.planetgv.si\/zlati-kamen\/sponzorstvo\/\",\"name\":\"Partnerstvo - Zlati kamen\",\"isPartOf\":{\"@id\":\"https:\/\/www.planetgv.si\/zlati-kamen\/#website\"},\"primaryImageOfPage\":{\"@id\":\"https:\/\/www.planetgv.si\/zlati-kamen\/sponzorstvo\/#primaryimage\"},\"image\":{\"@id\":\"https:\/\/www.planetgv.si\/zlati-kamen\/sponzorstvo\/#primaryimage\"},\"thumbnailUrl\":\"https:\/\/www.planetgv.si\/wp-content\/uploads\/sites\/12\/2025\/03\/ZK25_OG-Image_1200x630px.png\",\"datePublished\":\"2019-09-20T09:53:23+00:00\",\"dateModified\":\"2025-10-27T11:49:51+00:00\",\"breadcrumb\":{\"@id\":\"https:\/\/www.planetgv.si\/zlati-kamen\/sponzorstvo\/#breadcrumb\"},\"inLanguage\":\"sl-SI\",\"potentialAction\":[{\"@type\":\"ReadAction\",\"target\":[\"https:\/\/www.planetgv.si\/zlati-kamen\/sponzorstvo\/\"]}]},{\"@type\":\"ImageObject\",\"inLanguage\":\"sl-SI\",\"@id\":\"https:\/\/www.planetgv.si\/zlati-kamen\/sponzorstvo\/#primaryimage\",\"url\":\"https:\/\/www.planetgv.si\/wp-content\/uploads\/sites\/12\/2025\/03\/ZK25_OG-Image_1200x630px.png\",\"contentUrl\":\"https:\/\/www.planetgv.si\/wp-content\/uploads\/sites\/12\/2025\/03\/ZK25_OG-Image_1200x630px.png\",\"width\":1200,\"height\":630},{\"@type\":\"BreadcrumbList\",\"@id\":\"https:\/\/www.planetgv.si\/zlati-kamen\/sponzorstvo\/#breadcrumb\",\"itemListElement\":[{\"@type\":\"ListItem\",\"position\":1,\"name\":\"Home\",\"item\":\"https:\/\/www.planetgv.si\/zlati-kamen\/homepage\/\"},{\"@type\":\"ListItem\",\"position\":2,\"name\":\"Partnerstvo\"}]},{\"@type\":\"WebSite\",\"@id\":\"https:\/\/www.planetgv.si\/zlati-kamen\/#website\",\"url\":\"https:\/\/www.planetgv.si\/zlati-kamen\/\",\"name\":\"Zlati kamen\",\"description\":\"Zlati kamen\",\"potentialAction\":[{\"@type\":\"SearchAction\",\"target\":{\"@type\":\"EntryPoint\",\"urlTemplate\":\"https:\/\/www.planetgv.si\/zlati-kamen\/?s={search_term_string}\"},\"query-input\":\"required name=search_term_string\"}],\"inLanguage\":\"sl-SI\"}]}<\/script>\n<!-- \/ Yoast SEO plugin. -->","yoast_head_json":{"title":"Partnerstvo - Zlati kamen","robots":{"index":"index","follow":"follow","max-snippet":"max-snippet:-1","max-image-preview":"max-image-preview:large","max-video-preview":"max-video-preview:-1"},"canonical":"https:\/\/www.planetgv.si\/zlati-kamen\/sponzorstvo\/","og_locale":"sl_SI","og_type":"article","og_title":"Partnerstvo - Zlati kamen","og_url":"https:\/\/www.planetgv.si\/zlati-kamen\/sponzorstvo\/","og_site_name":"Zlati kamen","article_modified_time":"2025-10-27T11:49:51+00:00","og_image":[{"width":1200,"height":630,"url":"https:\/\/www.planetgv.si\/wp-content\/uploads\/sites\/12\/2025\/03\/ZK25_OG-Image_1200x630px.png","type":"image\/png"}],"twitter_card":"summary_large_image","twitter_misc":{"Est. reading time":"2 minuti"},"schema":{"@context":"https:\/\/schema.org","@graph":[{"@type":"WebPage","@id":"https:\/\/www.planetgv.si\/zlati-kamen\/sponzorstvo\/","url":"https:\/\/www.planetgv.si\/zlati-kamen\/sponzorstvo\/","name":"Partnerstvo - Zlati kamen","isPartOf":{"@id":"https:\/\/www.planetgv.si\/zlati-kamen\/#website"},"primaryImageOfPage":{"@id":"https:\/\/www.planetgv.si\/zlati-kamen\/sponzorstvo\/#primaryimage"},"image":{"@id":"https:\/\/www.planetgv.si\/zlati-kamen\/sponzorstvo\/#primaryimage"},"thumbnailUrl":"https:\/\/www.planetgv.si\/wp-content\/uploads\/sites\/12\/2025\/03\/ZK25_OG-Image_1200x630px.png","datePublished":"2019-09-20T09:53:23+00:00","dateModified":"2025-10-27T11:49:51+00:00","breadcrumb":{"@id":"https:\/\/www.planetgv.si\/zlati-kamen\/sponzorstvo\/#breadcrumb"},"inLanguage":"sl-SI","potentialAction":[{"@type":"ReadAction","target":["https:\/\/www.planetgv.si\/zlati-kamen\/sponzorstvo\/"]}]},{"@type":"ImageObject","inLanguage":"sl-SI","@id":"https:\/\/www.planetgv.si\/zlati-kamen\/sponzorstvo\/#primaryimage","url":"https:\/\/www.planetgv.si\/wp-content\/uploads\/sites\/12\/2025\/03\/ZK25_OG-Image_1200x630px.png","contentUrl":"https:\/\/www.planetgv.si\/wp-content\/uploads\/sites\/12\/2025\/03\/ZK25_OG-Image_1200x630px.png","width":1200,"height":630},{"@type":"BreadcrumbList","@id":"https:\/\/www.planetgv.si\/zlati-kamen\/sponzorstvo\/#breadcrumb","itemListElement":[{"@type":"ListItem","position":1,"name":"Home","item":"https:\/\/www.planetgv.si\/zlati-kamen\/homepage\/"},{"@type":"ListItem","position":2,"name":"Partnerstvo"}]},{"@type":"WebSite","@id":"https:\/\/www.planetgv.si\/zlati-kamen\/#website","url":"https:\/\/www.planetgv.si\/zlati-kamen\/","name":"Zlati kamen","description":"Zlati kamen","potentialAction":[{"@type":"SearchAction","target":{"@type":"EntryPoint","urlTemplate":"https:\/\/www.planetgv.si\/zlati-kamen\/?s={search_term_string}"},"query-input":"required name=search_term_string"}],"inLanguage":"sl-SI"}]}},"_links":{"self":[{"href":"https:\/\/www.planetgv.si\/zlati-kamen\/wp-json\/wp\/v2\/pages\/1126"}],"collection":[{"href":"https:\/\/www.planetgv.si\/zlati-kamen\/wp-json\/wp\/v2\/pages"}],"about":[{"href":"https:\/\/www.planetgv.si\/zlati-kamen\/wp-json\/wp\/v2\/types\/page"}],"author":[{"embeddable":true,"href":"https:\/\/www.planetgv.si\/zlati-kamen\/wp-json\/wp\/v2\/users\/1"}],"replies":[{"embeddable":true,"href":"https:\/\/www.planetgv.si\/zlati-kamen\/wp-json\/wp\/v2\/comments?post=1126"}],"version-history":[{"count":2,"href":"https:\/\/www.planetgv.si\/zlati-kamen\/wp-json\/wp\/v2\/pages\/1126\/revisions"}],"predecessor-version":[{"id":5290,"href":"https:\/\/www.planetgv.si\/zlati-kamen\/wp-json\/wp\/v2\/pages\/1126\/revisions\/5290"}],"wp:featuredmedia":[{"embeddable":true,"href":"https:\/\/www.planetgv.si\/zlati-kamen\/wp-json\/wp\/v2\/media\/5214"}],"wp:attachment":[{"href":"https:\/\/www.planetgv.si\/zlati-kamen\/wp-json\/wp\/v2\/media?parent=1126"}],"curies":[{"name":"wp","href":"https:\/\/api.w.org\/{rel}","templated":true}]}}