{"id":52,"date":"2024-07-07T16:25:57","date_gmt":"2024-07-07T16:25:57","guid":{"rendered":"https:\/\/www.planetgv.si\/knjigarna\/?post_type=product&#038;p=52"},"modified":"2024-09-02T16:04:46","modified_gmt":"2024-09-02T16:04:46","slug":"skrita-moc-sest-stebrov-uspesnega-kadrovanja","status":"publish","type":"product","link":"https:\/\/www.planetgv.si\/knjigarna\/product\/skrita-moc-sest-stebrov-uspesnega-kadrovanja\/","title":{"rendered":"Skrita mo\u010d \u2013 \u0161est stebrov uspe\u0161nega kadrovanja"},"content":{"rendered":"<p><strong>Milena Pervanje<\/strong> je v spro\u0161\u010deno poljudnem, a kljub temu strokovno prakti\u010dnem jeziku v pripoved vpletla svoje dolgoletne izku\u0161nje s kadrovskega podro\u010dja, ki jih je obogatila s primeri dobrih in katastrofalnih praks, z nasveti in orodji za podporo v teh procesih.<\/p>\n<p>Knjiga je prakti\u010dni priro\u010dnik za vse, ki se ukvarjajo z ljudmi v poslovnem okolju. Prav ti ljudje pa so klju\u010d do uspe\u0161ne organizacije. Sveti gral vseh kadrovskih procesov je najti ustrezne strokovnjake za dolo\u010deno delovno mesto v organizaciji, postaviti prave ljudi na prava delovna mesta in jih po vnaprej domi\u0161ljenem procesu uvajanja primerno usposobiti. V vse te stebrne procese pa je vtkana etika, ki, kot sol v jedi, izkazuje vrednote selektorjev in, \u0161ir\u0161e gledano, organizacije.<\/p>\n<p>Avtorica je vrsto let delovala kot kadrovska svetovalka in sogovornica vodstvom \u0161tevilnih mednarodnih in regijskih organizacij, ko so se te soo\u010dale z zapolnitvijo klju\u010dnih pozicij z ustreznimi strokovnjaki. Ob tem se je izpopolnjevala tudi v ve\u0161\u010dinah coachinga in v metodologijah presoj kompetenc.<\/p>\n","protected":false},"excerpt":{"rendered":"<p>V knjigi <strong>\u00bbSkrita mo\u010d \u2013 \u0161est stebrov uspe\u0161nega kadrovanja\u00ab<\/strong> avtorice Milene Pervanje so pregledno obravnavani kadrovski procesi, s katerimi se sre\u010dujejo mened\u017eerji, kadroviki in drugi selektorji v malih in velikih podjetjih.<\/p>\n<p>Stebri, na katerih temelji mo\u010d kadrovske funkcije, so: <strong>kadrovske potrebe<\/strong>, <strong>iskanje kadrov<\/strong>, <strong>selekcija<\/strong>, <strong>zaposlitev<\/strong>,<strong> uvajanje in etika<\/strong>. V obliki priro\u010dnika, ki ga bodo podjetniki in kadrovski strokovnjaki ve\u010dkrat vzeli v roke, prina\u0161a prakti\u010dne napotke in zanimive izku\u0161nje vsem, ki jih tematika zanima. Ob nekoliko spremenjenem zornem kotu bo priro\u010dnik dobrodo\u0161la opora tudi iskalcem zaposlitve, saj bodo tako bolje razumeli procese, ki jih \u010dakajo v kandidacijskih postopkih.<\/p>\n","protected":false},"featured_media":60,"template":"","meta":[],"product_cat":[27,29],"product_tag":[],"acf":[],"yoast_head":"<!-- This site is optimized with the Yoast SEO plugin v22.6 - https:\/\/yoast.com\/wordpress\/plugins\/seo\/ -->\n<title>Skrita mo\u010d \u2013 \u0161est stebrov uspe\u0161nega kadrovanja - PlanetGV knjigarna<\/title>\n<meta name=\"robots\" content=\"index, follow, max-snippet:-1, max-image-preview:large, max-video-preview:-1\" \/>\n<link rel=\"canonical\" href=\"https:\/\/www.planetgv.si\/knjigarna\/product\/skrita-moc-sest-stebrov-uspesnega-kadrovanja\/\" \/>\n<meta property=\"og:locale\" content=\"sl_SI\" \/>\n<meta property=\"og:type\" content=\"article\" \/>\n<meta property=\"og:title\" content=\"Skrita mo\u010d \u2013 \u0161est stebrov uspe\u0161nega kadrovanja - PlanetGV knjigarna\" \/>\n<meta property=\"og:description\" content=\"V knjigi \u00bbSkrita mo\u010d \u2013 \u0161est stebrov uspe\u0161nega kadrovanja\u00ab avtorice Milene Pervanje so pregledno obravnavani kadrovski procesi, s katerimi se sre\u010dujejo mened\u017eerji, kadroviki in drugi selektorji v malih in velikih podjetjih.  Stebri, na katerih temelji mo\u010d kadrovske funkcije, so: kadrovske potrebe, iskanje kadrov, selekcija, zaposlitev, uvajanje in etika. V obliki priro\u010dnika, ki ga bodo podjetniki in kadrovski strokovnjaki ve\u010dkrat vzeli v roke, prina\u0161a prakti\u010dne napotke in zanimive izku\u0161nje vsem, ki jih tematika zanima. Ob nekoliko spremenjenem zornem kotu bo priro\u010dnik dobrodo\u0161la opora tudi iskalcem zaposlitve, saj bodo tako bolje razumeli procese, ki jih \u010dakajo v kandidacijskih postopkih.\" \/>\n<meta property=\"og:url\" content=\"https:\/\/www.planetgv.si\/knjigarna\/product\/skrita-moc-sest-stebrov-uspesnega-kadrovanja\/\" \/>\n<meta property=\"og:site_name\" content=\"PlanetGV knjigarna\" \/>\n<meta property=\"article:modified_time\" content=\"2024-09-02T16:04:46+00:00\" \/>\n<meta property=\"og:image\" content=\"https:\/\/www.planetgv.si\/knjigarna\/wp-content\/uploads\/sites\/37\/2024\/07\/Skrita-moc-6-stebrov.png\" \/>\n\t<meta property=\"og:image:width\" content=\"600\" \/>\n\t<meta property=\"og:image:height\" content=\"600\" \/>\n\t<meta property=\"og:image:type\" content=\"image\/png\" \/>\n<meta name=\"twitter:card\" content=\"summary_large_image\" \/>\n<meta name=\"twitter:label1\" content=\"Est. reading time\" \/>\n\t<meta name=\"twitter:data1\" content=\"1 minuta\" \/>\n<script type=\"application\/ld+json\" class=\"yoast-schema-graph\">{\"@context\":\"https:\/\/schema.org\",\"@graph\":[{\"@type\":\"WebPage\",\"@id\":\"https:\/\/www.planetgv.si\/knjigarna\/product\/skrita-moc-sest-stebrov-uspesnega-kadrovanja\/\",\"url\":\"https:\/\/www.planetgv.si\/knjigarna\/product\/skrita-moc-sest-stebrov-uspesnega-kadrovanja\/\",\"name\":\"Skrita mo\u010d \u2013 \u0161est stebrov uspe\u0161nega kadrovanja - PlanetGV knjigarna\",\"isPartOf\":{\"@id\":\"https:\/\/www.planetgv.si\/knjigarna\/#website\"},\"primaryImageOfPage\":{\"@id\":\"https:\/\/www.planetgv.si\/knjigarna\/product\/skrita-moc-sest-stebrov-uspesnega-kadrovanja\/#primaryimage\"},\"image\":{\"@id\":\"https:\/\/www.planetgv.si\/knjigarna\/product\/skrita-moc-sest-stebrov-uspesnega-kadrovanja\/#primaryimage\"},\"thumbnailUrl\":\"https:\/\/www.planetgv.si\/wp-content\/uploads\/sites\/37\/2024\/07\/Skrita-moc-6-stebrov.png\",\"datePublished\":\"2024-07-07T16:25:57+00:00\",\"dateModified\":\"2024-09-02T16:04:46+00:00\",\"breadcrumb\":{\"@id\":\"https:\/\/www.planetgv.si\/knjigarna\/product\/skrita-moc-sest-stebrov-uspesnega-kadrovanja\/#breadcrumb\"},\"inLanguage\":\"sl-SI\",\"potentialAction\":[{\"@type\":\"ReadAction\",\"target\":[\"https:\/\/www.planetgv.si\/knjigarna\/product\/skrita-moc-sest-stebrov-uspesnega-kadrovanja\/\"]}]},{\"@type\":\"ImageObject\",\"inLanguage\":\"sl-SI\",\"@id\":\"https:\/\/www.planetgv.si\/knjigarna\/product\/skrita-moc-sest-stebrov-uspesnega-kadrovanja\/#primaryimage\",\"url\":\"https:\/\/www.planetgv.si\/wp-content\/uploads\/sites\/37\/2024\/07\/Skrita-moc-6-stebrov.png\",\"contentUrl\":\"https:\/\/www.planetgv.si\/wp-content\/uploads\/sites\/37\/2024\/07\/Skrita-moc-6-stebrov.png\",\"width\":600,\"height\":600},{\"@type\":\"BreadcrumbList\",\"@id\":\"https:\/\/www.planetgv.si\/knjigarna\/product\/skrita-moc-sest-stebrov-uspesnega-kadrovanja\/#breadcrumb\",\"itemListElement\":[{\"@type\":\"ListItem\",\"position\":1,\"name\":\"Home\",\"item\":\"https:\/\/www.planetgv.si\/knjigarna\/\"},{\"@type\":\"ListItem\",\"position\":2,\"name\":\"Domov\",\"item\":\"https:\/\/www.planetgv.si\/knjigarna\/\"},{\"@type\":\"ListItem\",\"position\":3,\"name\":\"Skrita mo\u010d \u2013 \u0161est stebrov uspe\u0161nega kadrovanja\"}]},{\"@type\":\"WebSite\",\"@id\":\"https:\/\/www.planetgv.si\/knjigarna\/#website\",\"url\":\"https:\/\/www.planetgv.si\/knjigarna\/\",\"name\":\"PlanetGV knjigarna\",\"description\":\"\",\"publisher\":{\"@id\":\"https:\/\/www.planetgv.si\/knjigarna\/#organization\"},\"potentialAction\":[{\"@type\":\"SearchAction\",\"target\":{\"@type\":\"EntryPoint\",\"urlTemplate\":\"https:\/\/www.planetgv.si\/knjigarna\/?s={search_term_string}\"},\"query-input\":\"required name=search_term_string\"}],\"inLanguage\":\"sl-SI\"},{\"@type\":\"Organization\",\"@id\":\"https:\/\/www.planetgv.si\/knjigarna\/#organization\",\"name\":\"PlanetGV knjigarna\",\"url\":\"https:\/\/www.planetgv.si\/knjigarna\/\",\"logo\":{\"@type\":\"ImageObject\",\"inLanguage\":\"sl-SI\",\"@id\":\"https:\/\/www.planetgv.si\/knjigarna\/#\/schema\/logo\/image\/\",\"url\":\"https:\/\/www.planetgv.si\/wp-content\/uploads\/sites\/37\/2024\/07\/cropped-planetgv_logo-512-2.jpg\",\"contentUrl\":\"https:\/\/www.planetgv.si\/wp-content\/uploads\/sites\/37\/2024\/07\/cropped-planetgv_logo-512-2.jpg\",\"width\":511,\"height\":120,\"caption\":\"PlanetGV knjigarna\"},\"image\":{\"@id\":\"https:\/\/www.planetgv.si\/knjigarna\/#\/schema\/logo\/image\/\"}}]}<\/script>\n<!-- \/ Yoast SEO plugin. -->","yoast_head_json":{"title":"Skrita mo\u010d \u2013 \u0161est stebrov uspe\u0161nega kadrovanja - PlanetGV knjigarna","robots":{"index":"index","follow":"follow","max-snippet":"max-snippet:-1","max-image-preview":"max-image-preview:large","max-video-preview":"max-video-preview:-1"},"canonical":"https:\/\/www.planetgv.si\/knjigarna\/product\/skrita-moc-sest-stebrov-uspesnega-kadrovanja\/","og_locale":"sl_SI","og_type":"article","og_title":"Skrita mo\u010d \u2013 \u0161est stebrov uspe\u0161nega kadrovanja - PlanetGV knjigarna","og_description":"V knjigi \u00bbSkrita mo\u010d \u2013 \u0161est stebrov uspe\u0161nega kadrovanja\u00ab avtorice Milene Pervanje so pregledno obravnavani kadrovski procesi, s katerimi se sre\u010dujejo mened\u017eerji, kadroviki in drugi selektorji v malih in velikih podjetjih.  Stebri, na katerih temelji mo\u010d kadrovske funkcije, so: kadrovske potrebe, iskanje kadrov, selekcija, zaposlitev, uvajanje in etika. V obliki priro\u010dnika, ki ga bodo podjetniki in kadrovski strokovnjaki ve\u010dkrat vzeli v roke, prina\u0161a prakti\u010dne napotke in zanimive izku\u0161nje vsem, ki jih tematika zanima. Ob nekoliko spremenjenem zornem kotu bo priro\u010dnik dobrodo\u0161la opora tudi iskalcem zaposlitve, saj bodo tako bolje razumeli procese, ki jih \u010dakajo v kandidacijskih postopkih.","og_url":"https:\/\/www.planetgv.si\/knjigarna\/product\/skrita-moc-sest-stebrov-uspesnega-kadrovanja\/","og_site_name":"PlanetGV knjigarna","article_modified_time":"2024-09-02T16:04:46+00:00","og_image":[{"width":600,"height":600,"url":"https:\/\/www.planetgv.si\/knjigarna\/wp-content\/uploads\/sites\/37\/2024\/07\/Skrita-moc-6-stebrov.png","type":"image\/png"}],"twitter_card":"summary_large_image","twitter_misc":{"Est. reading time":"1 minuta"},"schema":{"@context":"https:\/\/schema.org","@graph":[{"@type":"WebPage","@id":"https:\/\/www.planetgv.si\/knjigarna\/product\/skrita-moc-sest-stebrov-uspesnega-kadrovanja\/","url":"https:\/\/www.planetgv.si\/knjigarna\/product\/skrita-moc-sest-stebrov-uspesnega-kadrovanja\/","name":"Skrita mo\u010d \u2013 \u0161est stebrov uspe\u0161nega kadrovanja - PlanetGV knjigarna","isPartOf":{"@id":"https:\/\/www.planetgv.si\/knjigarna\/#website"},"primaryImageOfPage":{"@id":"https:\/\/www.planetgv.si\/knjigarna\/product\/skrita-moc-sest-stebrov-uspesnega-kadrovanja\/#primaryimage"},"image":{"@id":"https:\/\/www.planetgv.si\/knjigarna\/product\/skrita-moc-sest-stebrov-uspesnega-kadrovanja\/#primaryimage"},"thumbnailUrl":"https:\/\/www.planetgv.si\/wp-content\/uploads\/sites\/37\/2024\/07\/Skrita-moc-6-stebrov.png","datePublished":"2024-07-07T16:25:57+00:00","dateModified":"2024-09-02T16:04:46+00:00","breadcrumb":{"@id":"https:\/\/www.planetgv.si\/knjigarna\/product\/skrita-moc-sest-stebrov-uspesnega-kadrovanja\/#breadcrumb"},"inLanguage":"sl-SI","potentialAction":[{"@type":"ReadAction","target":["https:\/\/www.planetgv.si\/knjigarna\/product\/skrita-moc-sest-stebrov-uspesnega-kadrovanja\/"]}]},{"@type":"ImageObject","inLanguage":"sl-SI","@id":"https:\/\/www.planetgv.si\/knjigarna\/product\/skrita-moc-sest-stebrov-uspesnega-kadrovanja\/#primaryimage","url":"https:\/\/www.planetgv.si\/wp-content\/uploads\/sites\/37\/2024\/07\/Skrita-moc-6-stebrov.png","contentUrl":"https:\/\/www.planetgv.si\/wp-content\/uploads\/sites\/37\/2024\/07\/Skrita-moc-6-stebrov.png","width":600,"height":600},{"@type":"BreadcrumbList","@id":"https:\/\/www.planetgv.si\/knjigarna\/product\/skrita-moc-sest-stebrov-uspesnega-kadrovanja\/#breadcrumb","itemListElement":[{"@type":"ListItem","position":1,"name":"Home","item":"https:\/\/www.planetgv.si\/knjigarna\/"},{"@type":"ListItem","position":2,"name":"Domov","item":"https:\/\/www.planetgv.si\/knjigarna\/"},{"@type":"ListItem","position":3,"name":"Skrita mo\u010d \u2013 \u0161est stebrov uspe\u0161nega kadrovanja"}]},{"@type":"WebSite","@id":"https:\/\/www.planetgv.si\/knjigarna\/#website","url":"https:\/\/www.planetgv.si\/knjigarna\/","name":"PlanetGV knjigarna","description":"","publisher":{"@id":"https:\/\/www.planetgv.si\/knjigarna\/#organization"},"potentialAction":[{"@type":"SearchAction","target":{"@type":"EntryPoint","urlTemplate":"https:\/\/www.planetgv.si\/knjigarna\/?s={search_term_string}"},"query-input":"required name=search_term_string"}],"inLanguage":"sl-SI"},{"@type":"Organization","@id":"https:\/\/www.planetgv.si\/knjigarna\/#organization","name":"PlanetGV knjigarna","url":"https:\/\/www.planetgv.si\/knjigarna\/","logo":{"@type":"ImageObject","inLanguage":"sl-SI","@id":"https:\/\/www.planetgv.si\/knjigarna\/#\/schema\/logo\/image\/","url":"https:\/\/www.planetgv.si\/wp-content\/uploads\/sites\/37\/2024\/07\/cropped-planetgv_logo-512-2.jpg","contentUrl":"https:\/\/www.planetgv.si\/wp-content\/uploads\/sites\/37\/2024\/07\/cropped-planetgv_logo-512-2.jpg","width":511,"height":120,"caption":"PlanetGV knjigarna"},"image":{"@id":"https:\/\/www.planetgv.si\/knjigarna\/#\/schema\/logo\/image\/"}}]}},"_links":{"self":[{"href":"https:\/\/www.planetgv.si\/knjigarna\/wp-json\/wp\/v2\/product\/52"}],"collection":[{"href":"https:\/\/www.planetgv.si\/knjigarna\/wp-json\/wp\/v2\/product"}],"about":[{"href":"https:\/\/www.planetgv.si\/knjigarna\/wp-json\/wp\/v2\/types\/product"}],"wp:featuredmedia":[{"embeddable":true,"href":"https:\/\/www.planetgv.si\/knjigarna\/wp-json\/wp\/v2\/media\/60"}],"wp:attachment":[{"href":"https:\/\/www.planetgv.si\/knjigarna\/wp-json\/wp\/v2\/media?parent=52"}],"wp:term":[{"taxonomy":"product_cat","embeddable":true,"href":"https:\/\/www.planetgv.si\/knjigarna\/wp-json\/wp\/v2\/product_cat?post=52"},{"taxonomy":"product_tag","embeddable":true,"href":"https:\/\/www.planetgv.si\/knjigarna\/wp-json\/wp\/v2\/product_tag?post=52"}],"curies":[{"name":"wp","href":"https:\/\/api.w.org\/{rel}","templated":true}]}}