{"id":38,"date":"2024-07-07T16:25:56","date_gmt":"2024-07-07T16:25:56","guid":{"rendered":"https:\/\/www.planetgv.si\/knjigarna\/?post_type=product&#038;p=38"},"modified":"2024-12-11T12:51:12","modified_gmt":"2024-12-11T12:51:12","slug":"revija-hrm","status":"publish","type":"product","link":"https:\/\/www.planetgv.si\/knjigarna\/product\/revija-hrm\/","title":{"rendered":"Revija HR&amp;M"},"content":{"rendered":"<p><strong>Strokovna revija za podro\u010dje razvoja organizacij in vodenja ljudi pri delu<\/strong><\/p>\n<p><a href=\"http:\/\/www.hrm-revija.si\/\" target=\"_blank\" rel=\"noopener\">REVIJA HR&amp;M<\/a> je strokovna revija za podro\u010dje razvoja ljudi, organizacij in vodenja. Bralce seznanja z novostmi in aktualnimi tematikami, trendi in razvojem na podro\u010dja vodenja, upravljanja in razvoja ljudi, prav tako pa v reviji predstavljamo tudi doma\u010de in tuje primere dobre prakse. Prispevke pripravljajo priznani tuji in doma\u010di strokovnjaki. Bodite obve\u0161\u010deni o aktualnih HR&amp;M vsebinah, zanimivih dogodkih, atraktivnih temah in prispevkih ter dobrih doma\u010dih in tujih praksah!<\/p>\n<div>\n<section class=\"av_textblock_section av-jvxpjcut-8-5f9e65d1269d703373c2dacfce943101 \">\n<div class=\"avia_textblock\">\n<h3>Ob naro\u010dilu revije prejmete<\/h3>\n<\/div>\n<\/section>\n<section class=\"av_textblock_section av-jvxpjcut-7-5cbaf06495600fa2cfc1cba5a2088a1e \">\n<div class=\"avia_textblock ow-ul-dots ow-revije-dots ow-purple-links-parent\">\n<ul>\n<li>\u0161est tiskanih izvodov revije na va\u0161 izbran naslov<\/li>\n<li>digitalna knji\u017enica HR&amp;M znanja z vsemi \u010dlanki od leta 2003 dalje<\/li>\n<li>neomejen dostop do vseh vsebin spletnega portala<\/li>\n<li>brezpla\u010dna udele\u017eba na izbranih dogodkih revije HR&amp;M<\/li>\n<li>ekskluzivni popusti za naro\u010dnike na izbranih dogodkih Planet GV<\/li>\n<\/ul>\n<\/div>\n<\/section>\n<\/div>\n<div><img decoding=\"async\" src=\"https:\/\/www.planetgv.si\/knjigarna\/wp-content\/uploads\/sites\/37\/2024\/07\/rHRM_55_banner-naslovka_1080x1080px.jpg\" \/><\/div>\n<div class=\"yj6qo\"><\/div>\n","protected":false},"excerpt":{"rendered":"<p>Strokovna revija za podro\u010dje razvoja organizacij in vodenja ljudi pri delu REVIJA HR&amp;M je strokovna revija za podro\u010dje razvoja ljudi, organizacij in vodenja. Bralce seznanja z novostmi in aktualnimi tematikami, trendi in razvojem na podro\u010dja vodenja, upravljanja in razvoja ljudi, prav tako pa v reviji predstavljamo tudi doma\u010de in tuje primere dobre prakse. Prispevke pripravljajo [&hellip;]<\/p>\n","protected":false},"featured_media":292,"template":"","meta":[],"product_cat":[30],"product_tag":[],"acf":[],"yoast_head":"<!-- This site is optimized with the Yoast SEO plugin v22.6 - https:\/\/yoast.com\/wordpress\/plugins\/seo\/ -->\n<title>Revija HR&amp;M - PlanetGV knjigarna<\/title>\n<meta name=\"robots\" content=\"index, follow, max-snippet:-1, max-image-preview:large, max-video-preview:-1\" \/>\n<link rel=\"canonical\" href=\"https:\/\/www.planetgv.si\/knjigarna\/product\/revija-hrm\/\" \/>\n<meta property=\"og:locale\" content=\"sl_SI\" \/>\n<meta property=\"og:type\" content=\"article\" \/>\n<meta property=\"og:title\" content=\"Revija HR&amp;M - PlanetGV knjigarna\" \/>\n<meta property=\"og:description\" content=\"Strokovna revija za podro\u010dje razvoja organizacij in vodenja ljudi pri delu REVIJA HR&amp;M je strokovna revija za podro\u010dje razvoja ljudi, organizacij in vodenja. Bralce seznanja z novostmi in aktualnimi tematikami, trendi in razvojem na podro\u010dja vodenja, upravljanja in razvoja ljudi, prav tako pa v reviji predstavljamo tudi doma\u010de in tuje primere dobre prakse. Prispevke pripravljajo [&hellip;]\" \/>\n<meta property=\"og:url\" content=\"https:\/\/www.planetgv.si\/knjigarna\/product\/revija-hrm\/\" \/>\n<meta property=\"og:site_name\" content=\"PlanetGV knjigarna\" \/>\n<meta property=\"article:modified_time\" content=\"2024-12-11T12:51:12+00:00\" \/>\n<meta property=\"og:image\" content=\"https:\/\/www.planetgv.si\/knjigarna\/wp-content\/uploads\/sites\/37\/2024\/07\/rHRM_55_banner-naslovka_1080x1080px.jpg\" \/>\n\t<meta property=\"og:image:width\" content=\"2250\" \/>\n\t<meta property=\"og:image:height\" content=\"2250\" \/>\n\t<meta property=\"og:image:type\" content=\"image\/jpeg\" \/>\n<meta name=\"twitter:card\" content=\"summary_large_image\" \/>\n<meta name=\"twitter:label1\" content=\"Est. reading time\" \/>\n\t<meta name=\"twitter:data1\" content=\"2 minuti\" \/>\n<script type=\"application\/ld+json\" class=\"yoast-schema-graph\">{\"@context\":\"https:\/\/schema.org\",\"@graph\":[{\"@type\":\"WebPage\",\"@id\":\"https:\/\/www.planetgv.si\/knjigarna\/product\/revija-hrm\/\",\"url\":\"https:\/\/www.planetgv.si\/knjigarna\/product\/revija-hrm\/\",\"name\":\"Revija HR&amp;M - PlanetGV knjigarna\",\"isPartOf\":{\"@id\":\"https:\/\/www.planetgv.si\/knjigarna\/#website\"},\"primaryImageOfPage\":{\"@id\":\"https:\/\/www.planetgv.si\/knjigarna\/product\/revija-hrm\/#primaryimage\"},\"image\":{\"@id\":\"https:\/\/www.planetgv.si\/knjigarna\/product\/revija-hrm\/#primaryimage\"},\"thumbnailUrl\":\"https:\/\/www.planetgv.si\/wp-content\/uploads\/sites\/37\/2024\/07\/rHRM_55_banner-naslovka_1080x1080px.jpg\",\"datePublished\":\"2024-07-07T16:25:56+00:00\",\"dateModified\":\"2024-12-11T12:51:12+00:00\",\"breadcrumb\":{\"@id\":\"https:\/\/www.planetgv.si\/knjigarna\/product\/revija-hrm\/#breadcrumb\"},\"inLanguage\":\"sl-SI\",\"potentialAction\":[{\"@type\":\"ReadAction\",\"target\":[\"https:\/\/www.planetgv.si\/knjigarna\/product\/revija-hrm\/\"]}]},{\"@type\":\"ImageObject\",\"inLanguage\":\"sl-SI\",\"@id\":\"https:\/\/www.planetgv.si\/knjigarna\/product\/revija-hrm\/#primaryimage\",\"url\":\"https:\/\/www.planetgv.si\/wp-content\/uploads\/sites\/37\/2024\/07\/rHRM_55_banner-naslovka_1080x1080px.jpg\",\"contentUrl\":\"https:\/\/www.planetgv.si\/wp-content\/uploads\/sites\/37\/2024\/07\/rHRM_55_banner-naslovka_1080x1080px.jpg\",\"width\":2250,\"height\":2250},{\"@type\":\"BreadcrumbList\",\"@id\":\"https:\/\/www.planetgv.si\/knjigarna\/product\/revija-hrm\/#breadcrumb\",\"itemListElement\":[{\"@type\":\"ListItem\",\"position\":1,\"name\":\"Home\",\"item\":\"https:\/\/www.planetgv.si\/knjigarna\/\"},{\"@type\":\"ListItem\",\"position\":2,\"name\":\"Domov\",\"item\":\"https:\/\/www.planetgv.si\/knjigarna\/\"},{\"@type\":\"ListItem\",\"position\":3,\"name\":\"Revija HR&amp;M\"}]},{\"@type\":\"WebSite\",\"@id\":\"https:\/\/www.planetgv.si\/knjigarna\/#website\",\"url\":\"https:\/\/www.planetgv.si\/knjigarna\/\",\"name\":\"PlanetGV knjigarna\",\"description\":\"\",\"publisher\":{\"@id\":\"https:\/\/www.planetgv.si\/knjigarna\/#organization\"},\"potentialAction\":[{\"@type\":\"SearchAction\",\"target\":{\"@type\":\"EntryPoint\",\"urlTemplate\":\"https:\/\/www.planetgv.si\/knjigarna\/?s={search_term_string}\"},\"query-input\":\"required name=search_term_string\"}],\"inLanguage\":\"sl-SI\"},{\"@type\":\"Organization\",\"@id\":\"https:\/\/www.planetgv.si\/knjigarna\/#organization\",\"name\":\"PlanetGV knjigarna\",\"url\":\"https:\/\/www.planetgv.si\/knjigarna\/\",\"logo\":{\"@type\":\"ImageObject\",\"inLanguage\":\"sl-SI\",\"@id\":\"https:\/\/www.planetgv.si\/knjigarna\/#\/schema\/logo\/image\/\",\"url\":\"https:\/\/www.planetgv.si\/wp-content\/uploads\/sites\/37\/2024\/07\/cropped-planetgv_logo-512-2.jpg\",\"contentUrl\":\"https:\/\/www.planetgv.si\/wp-content\/uploads\/sites\/37\/2024\/07\/cropped-planetgv_logo-512-2.jpg\",\"width\":511,\"height\":120,\"caption\":\"PlanetGV knjigarna\"},\"image\":{\"@id\":\"https:\/\/www.planetgv.si\/knjigarna\/#\/schema\/logo\/image\/\"}}]}<\/script>\n<!-- \/ Yoast SEO plugin. -->","yoast_head_json":{"title":"Revija HR&amp;M - PlanetGV knjigarna","robots":{"index":"index","follow":"follow","max-snippet":"max-snippet:-1","max-image-preview":"max-image-preview:large","max-video-preview":"max-video-preview:-1"},"canonical":"https:\/\/www.planetgv.si\/knjigarna\/product\/revija-hrm\/","og_locale":"sl_SI","og_type":"article","og_title":"Revija HR&amp;M - PlanetGV knjigarna","og_description":"Strokovna revija za podro\u010dje razvoja organizacij in vodenja ljudi pri delu REVIJA HR&amp;M je strokovna revija za podro\u010dje razvoja ljudi, organizacij in vodenja. Bralce seznanja z novostmi in aktualnimi tematikami, trendi in razvojem na podro\u010dja vodenja, upravljanja in razvoja ljudi, prav tako pa v reviji predstavljamo tudi doma\u010de in tuje primere dobre prakse. Prispevke pripravljajo [&hellip;]","og_url":"https:\/\/www.planetgv.si\/knjigarna\/product\/revija-hrm\/","og_site_name":"PlanetGV knjigarna","article_modified_time":"2024-12-11T12:51:12+00:00","og_image":[{"width":2250,"height":2250,"url":"https:\/\/www.planetgv.si\/knjigarna\/wp-content\/uploads\/sites\/37\/2024\/07\/rHRM_55_banner-naslovka_1080x1080px.jpg","type":"image\/jpeg"}],"twitter_card":"summary_large_image","twitter_misc":{"Est. reading time":"2 minuti"},"schema":{"@context":"https:\/\/schema.org","@graph":[{"@type":"WebPage","@id":"https:\/\/www.planetgv.si\/knjigarna\/product\/revija-hrm\/","url":"https:\/\/www.planetgv.si\/knjigarna\/product\/revija-hrm\/","name":"Revija HR&amp;M - PlanetGV knjigarna","isPartOf":{"@id":"https:\/\/www.planetgv.si\/knjigarna\/#website"},"primaryImageOfPage":{"@id":"https:\/\/www.planetgv.si\/knjigarna\/product\/revija-hrm\/#primaryimage"},"image":{"@id":"https:\/\/www.planetgv.si\/knjigarna\/product\/revija-hrm\/#primaryimage"},"thumbnailUrl":"https:\/\/www.planetgv.si\/wp-content\/uploads\/sites\/37\/2024\/07\/rHRM_55_banner-naslovka_1080x1080px.jpg","datePublished":"2024-07-07T16:25:56+00:00","dateModified":"2024-12-11T12:51:12+00:00","breadcrumb":{"@id":"https:\/\/www.planetgv.si\/knjigarna\/product\/revija-hrm\/#breadcrumb"},"inLanguage":"sl-SI","potentialAction":[{"@type":"ReadAction","target":["https:\/\/www.planetgv.si\/knjigarna\/product\/revija-hrm\/"]}]},{"@type":"ImageObject","inLanguage":"sl-SI","@id":"https:\/\/www.planetgv.si\/knjigarna\/product\/revija-hrm\/#primaryimage","url":"https:\/\/www.planetgv.si\/wp-content\/uploads\/sites\/37\/2024\/07\/rHRM_55_banner-naslovka_1080x1080px.jpg","contentUrl":"https:\/\/www.planetgv.si\/wp-content\/uploads\/sites\/37\/2024\/07\/rHRM_55_banner-naslovka_1080x1080px.jpg","width":2250,"height":2250},{"@type":"BreadcrumbList","@id":"https:\/\/www.planetgv.si\/knjigarna\/product\/revija-hrm\/#breadcrumb","itemListElement":[{"@type":"ListItem","position":1,"name":"Home","item":"https:\/\/www.planetgv.si\/knjigarna\/"},{"@type":"ListItem","position":2,"name":"Domov","item":"https:\/\/www.planetgv.si\/knjigarna\/"},{"@type":"ListItem","position":3,"name":"Revija HR&amp;M"}]},{"@type":"WebSite","@id":"https:\/\/www.planetgv.si\/knjigarna\/#website","url":"https:\/\/www.planetgv.si\/knjigarna\/","name":"PlanetGV knjigarna","description":"","publisher":{"@id":"https:\/\/www.planetgv.si\/knjigarna\/#organization"},"potentialAction":[{"@type":"SearchAction","target":{"@type":"EntryPoint","urlTemplate":"https:\/\/www.planetgv.si\/knjigarna\/?s={search_term_string}"},"query-input":"required name=search_term_string"}],"inLanguage":"sl-SI"},{"@type":"Organization","@id":"https:\/\/www.planetgv.si\/knjigarna\/#organization","name":"PlanetGV knjigarna","url":"https:\/\/www.planetgv.si\/knjigarna\/","logo":{"@type":"ImageObject","inLanguage":"sl-SI","@id":"https:\/\/www.planetgv.si\/knjigarna\/#\/schema\/logo\/image\/","url":"https:\/\/www.planetgv.si\/wp-content\/uploads\/sites\/37\/2024\/07\/cropped-planetgv_logo-512-2.jpg","contentUrl":"https:\/\/www.planetgv.si\/wp-content\/uploads\/sites\/37\/2024\/07\/cropped-planetgv_logo-512-2.jpg","width":511,"height":120,"caption":"PlanetGV knjigarna"},"image":{"@id":"https:\/\/www.planetgv.si\/knjigarna\/#\/schema\/logo\/image\/"}}]}},"_links":{"self":[{"href":"https:\/\/www.planetgv.si\/knjigarna\/wp-json\/wp\/v2\/product\/38"}],"collection":[{"href":"https:\/\/www.planetgv.si\/knjigarna\/wp-json\/wp\/v2\/product"}],"about":[{"href":"https:\/\/www.planetgv.si\/knjigarna\/wp-json\/wp\/v2\/types\/product"}],"wp:featuredmedia":[{"embeddable":true,"href":"https:\/\/www.planetgv.si\/knjigarna\/wp-json\/wp\/v2\/media\/292"}],"wp:attachment":[{"href":"https:\/\/www.planetgv.si\/knjigarna\/wp-json\/wp\/v2\/media?parent=38"}],"wp:term":[{"taxonomy":"product_cat","embeddable":true,"href":"https:\/\/www.planetgv.si\/knjigarna\/wp-json\/wp\/v2\/product_cat?post=38"},{"taxonomy":"product_tag","embeddable":true,"href":"https:\/\/www.planetgv.si\/knjigarna\/wp-json\/wp\/v2\/product_tag?post=38"}],"curies":[{"name":"wp","href":"https:\/\/api.w.org\/{rel}","templated":true}]}}