{"id":37,"date":"2024-07-07T16:25:56","date_gmt":"2024-07-07T16:25:56","guid":{"rendered":"https:\/\/www.planetgv.si\/knjigarna\/?post_type=product&#038;p=37"},"modified":"2024-12-12T09:26:14","modified_gmt":"2024-12-12T09:26:14","slug":"revija-adma","status":"publish","type":"product","link":"https:\/\/www.planetgv.si\/knjigarna\/product\/revija-adma\/","title":{"rendered":"Revija ADMA"},"content":{"rendered":"<p><strong>Razvijamo najbolj\u0161o podporo mened\u017ementu!<\/strong><\/p>\n<p>ADMA je edina strokovna naro\u010dni\u0161ka revija v slovenskem prostoru in osrednja blagovna znamka za vse, ki delujejo na podro\u010dju podpore mened\u017ementu. Odlikuje jo ve\u010d kot 30 let izku\u0161enj in grajenja odnosov z bralci in udele\u017eenci dogodka.<\/p>\n<p>Namenjena je vsem, ki verjamejo, da je u\u010dinkovita podpora nepogre\u0161ljiv del uspe\u0161nih poslovnih organizacij.<\/p>\n<p>Zavedamo se, da je delo na podro\u010dju podpore mened\u017ementu iz leta v leto bolj kompleksno, zato v reviji najdete vsebine s podro\u010dja digitalne pismenosti, u\u010dinkovitosti na delovnem mestu, delovnega prava, odnosov, komunikacije, kariernega razvoja, davkov, financ, bontona, jezikovne odli\u010dnosti in dobrega po\u010dutja.<\/p>\n<div><strong>Posebna ponudba za nove naro\u010dnike vklju\u010duje:<\/strong><\/div>\n<ul>\n<li>4 tiskane revije ADMA, ki jih prejmete na izbrani naslov (izidi 28. 2., 18. 4., 5. 9. in 7. 11. 2025)<\/li>\n<li>dostop do arhivskih \u0161tevilk od novembra 2017 dalje<\/li>\n<li>neomejen dostop do vsebin na portalu <a href=\"https:\/\/www.adma.si\">https:\/\/www.adma.si<\/a><\/li>\n<li>Ekskluzivni popusti za udele\u017ebo na ADMA dogodkih:\n<ul>\n<li>ugodnej\u0161a kotizacija za Kongres ADMA (<a href=\"https:\/\/kongres.adma.si\/\">https:\/\/kongres.adma.si<\/a>)<\/li>\n<li>ugodnej\u0161a kotizacija za jesenski Posvet ADMA (<a href=\"https:\/\/www.planetgv.si\/jesenski-posvet-adma\/\">https:\/\/www.planetgv.si\/jesenski-posvet-adma\/<\/a>)<\/li>\n<\/ul>\n<\/li>\n<\/ul>\n","protected":false},"excerpt":{"rendered":"<p>ADMA je edina strokovna naro\u010dni\u0161ka revija v slovenskem prostoru in osrednja blagovna znamka za vse, ki delujejo na podro\u010dju podpore mened\u017ementu. Odlikuje jo ve\u010d kot 30 let izku\u0161enj in grajenja odnosov z bralci in udele\u017eenci dogodka.<\/p>\n","protected":false},"featured_media":296,"template":"","meta":[],"product_cat":[29,30],"product_tag":[],"acf":[],"yoast_head":"<!-- This site is optimized with the Yoast SEO plugin v22.6 - https:\/\/yoast.com\/wordpress\/plugins\/seo\/ -->\n<title>Revija ADMA - PlanetGV knjigarna %<\/title>\n<meta name=\"robots\" content=\"index, follow, max-snippet:-1, max-image-preview:large, max-video-preview:-1\" \/>\n<link rel=\"canonical\" href=\"https:\/\/www.planetgv.si\/knjigarna\/product\/revija-adma\/\" \/>\n<meta property=\"og:locale\" content=\"sl_SI\" \/>\n<meta property=\"og:type\" content=\"article\" \/>\n<meta property=\"og:title\" content=\"Revija ADMA - PlanetGV knjigarna %\" \/>\n<meta property=\"og:description\" content=\"ADMA je edina strokovna naro\u010dni\u0161ka revija v slovenskem prostoru in osrednja blagovna znamka za vse, ki delujejo na podro\u010dju podpore mened\u017ementu. Odlikuje jo ve\u010d kot 30 let izku\u0161enj in grajenja odnosov z bralci in udele\u017eenci dogodka.\" \/>\n<meta property=\"og:url\" content=\"https:\/\/www.planetgv.si\/knjigarna\/product\/revija-adma\/\" \/>\n<meta property=\"og:site_name\" content=\"PlanetGV knjigarna\" \/>\n<meta property=\"article:modified_time\" content=\"2024-12-12T09:26:14+00:00\" \/>\n<meta property=\"og:image\" content=\"https:\/\/www.planetgv.si\/knjigarna\/wp-content\/uploads\/sites\/37\/2024\/07\/rADMA_Nov24_Naslovka_manjsa_335x448px.png\" \/>\n\t<meta property=\"og:image:width\" content=\"335\" \/>\n\t<meta property=\"og:image:height\" content=\"448\" \/>\n\t<meta property=\"og:image:type\" content=\"image\/png\" \/>\n<meta name=\"twitter:card\" content=\"summary_large_image\" \/>\n<meta name=\"twitter:label1\" content=\"Est. reading time\" \/>\n\t<meta name=\"twitter:data1\" content=\"2 minuti\" \/>\n<script type=\"application\/ld+json\" class=\"yoast-schema-graph\">{\"@context\":\"https:\/\/schema.org\",\"@graph\":[{\"@type\":\"WebPage\",\"@id\":\"https:\/\/www.planetgv.si\/knjigarna\/product\/revija-adma\/\",\"url\":\"https:\/\/www.planetgv.si\/knjigarna\/product\/revija-adma\/\",\"name\":\"Revija ADMA - PlanetGV knjigarna %\",\"isPartOf\":{\"@id\":\"https:\/\/www.planetgv.si\/knjigarna\/#website\"},\"primaryImageOfPage\":{\"@id\":\"https:\/\/www.planetgv.si\/knjigarna\/product\/revija-adma\/#primaryimage\"},\"image\":{\"@id\":\"https:\/\/www.planetgv.si\/knjigarna\/product\/revija-adma\/#primaryimage\"},\"thumbnailUrl\":\"https:\/\/www.planetgv.si\/wp-content\/uploads\/sites\/37\/2024\/07\/rADMA_Nov24_Naslovka_manjsa_335x448px.png\",\"datePublished\":\"2024-07-07T16:25:56+00:00\",\"dateModified\":\"2024-12-12T09:26:14+00:00\",\"breadcrumb\":{\"@id\":\"https:\/\/www.planetgv.si\/knjigarna\/product\/revija-adma\/#breadcrumb\"},\"inLanguage\":\"sl-SI\",\"potentialAction\":[{\"@type\":\"ReadAction\",\"target\":[\"https:\/\/www.planetgv.si\/knjigarna\/product\/revija-adma\/\"]}]},{\"@type\":\"ImageObject\",\"inLanguage\":\"sl-SI\",\"@id\":\"https:\/\/www.planetgv.si\/knjigarna\/product\/revija-adma\/#primaryimage\",\"url\":\"https:\/\/www.planetgv.si\/wp-content\/uploads\/sites\/37\/2024\/07\/rADMA_Nov24_Naslovka_manjsa_335x448px.png\",\"contentUrl\":\"https:\/\/www.planetgv.si\/wp-content\/uploads\/sites\/37\/2024\/07\/rADMA_Nov24_Naslovka_manjsa_335x448px.png\",\"width\":335,\"height\":448},{\"@type\":\"BreadcrumbList\",\"@id\":\"https:\/\/www.planetgv.si\/knjigarna\/product\/revija-adma\/#breadcrumb\",\"itemListElement\":[{\"@type\":\"ListItem\",\"position\":1,\"name\":\"Home\",\"item\":\"https:\/\/www.planetgv.si\/knjigarna\/\"},{\"@type\":\"ListItem\",\"position\":2,\"name\":\"Domov\",\"item\":\"https:\/\/www.planetgv.si\/knjigarna\/\"},{\"@type\":\"ListItem\",\"position\":3,\"name\":\"Revija ADMA\"}]},{\"@type\":\"WebSite\",\"@id\":\"https:\/\/www.planetgv.si\/knjigarna\/#website\",\"url\":\"https:\/\/www.planetgv.si\/knjigarna\/\",\"name\":\"PlanetGV knjigarna\",\"description\":\"\",\"publisher\":{\"@id\":\"https:\/\/www.planetgv.si\/knjigarna\/#organization\"},\"potentialAction\":[{\"@type\":\"SearchAction\",\"target\":{\"@type\":\"EntryPoint\",\"urlTemplate\":\"https:\/\/www.planetgv.si\/knjigarna\/?s={search_term_string}\"},\"query-input\":\"required name=search_term_string\"}],\"inLanguage\":\"sl-SI\"},{\"@type\":\"Organization\",\"@id\":\"https:\/\/www.planetgv.si\/knjigarna\/#organization\",\"name\":\"PlanetGV knjigarna\",\"url\":\"https:\/\/www.planetgv.si\/knjigarna\/\",\"logo\":{\"@type\":\"ImageObject\",\"inLanguage\":\"sl-SI\",\"@id\":\"https:\/\/www.planetgv.si\/knjigarna\/#\/schema\/logo\/image\/\",\"url\":\"https:\/\/www.planetgv.si\/wp-content\/uploads\/sites\/37\/2024\/07\/cropped-planetgv_logo-512-2.jpg\",\"contentUrl\":\"https:\/\/www.planetgv.si\/wp-content\/uploads\/sites\/37\/2024\/07\/cropped-planetgv_logo-512-2.jpg\",\"width\":511,\"height\":120,\"caption\":\"PlanetGV knjigarna\"},\"image\":{\"@id\":\"https:\/\/www.planetgv.si\/knjigarna\/#\/schema\/logo\/image\/\"}}]}<\/script>\n<!-- \/ Yoast SEO plugin. -->","yoast_head_json":{"title":"Revija ADMA - PlanetGV knjigarna %","robots":{"index":"index","follow":"follow","max-snippet":"max-snippet:-1","max-image-preview":"max-image-preview:large","max-video-preview":"max-video-preview:-1"},"canonical":"https:\/\/www.planetgv.si\/knjigarna\/product\/revija-adma\/","og_locale":"sl_SI","og_type":"article","og_title":"Revija ADMA - PlanetGV knjigarna %","og_description":"ADMA je edina strokovna naro\u010dni\u0161ka revija v slovenskem prostoru in osrednja blagovna znamka za vse, ki delujejo na podro\u010dju podpore mened\u017ementu. Odlikuje jo ve\u010d kot 30 let izku\u0161enj in grajenja odnosov z bralci in udele\u017eenci dogodka.","og_url":"https:\/\/www.planetgv.si\/knjigarna\/product\/revija-adma\/","og_site_name":"PlanetGV knjigarna","article_modified_time":"2024-12-12T09:26:14+00:00","og_image":[{"width":335,"height":448,"url":"https:\/\/www.planetgv.si\/knjigarna\/wp-content\/uploads\/sites\/37\/2024\/07\/rADMA_Nov24_Naslovka_manjsa_335x448px.png","type":"image\/png"}],"twitter_card":"summary_large_image","twitter_misc":{"Est. reading time":"2 minuti"},"schema":{"@context":"https:\/\/schema.org","@graph":[{"@type":"WebPage","@id":"https:\/\/www.planetgv.si\/knjigarna\/product\/revija-adma\/","url":"https:\/\/www.planetgv.si\/knjigarna\/product\/revija-adma\/","name":"Revija ADMA - PlanetGV knjigarna %","isPartOf":{"@id":"https:\/\/www.planetgv.si\/knjigarna\/#website"},"primaryImageOfPage":{"@id":"https:\/\/www.planetgv.si\/knjigarna\/product\/revija-adma\/#primaryimage"},"image":{"@id":"https:\/\/www.planetgv.si\/knjigarna\/product\/revija-adma\/#primaryimage"},"thumbnailUrl":"https:\/\/www.planetgv.si\/wp-content\/uploads\/sites\/37\/2024\/07\/rADMA_Nov24_Naslovka_manjsa_335x448px.png","datePublished":"2024-07-07T16:25:56+00:00","dateModified":"2024-12-12T09:26:14+00:00","breadcrumb":{"@id":"https:\/\/www.planetgv.si\/knjigarna\/product\/revija-adma\/#breadcrumb"},"inLanguage":"sl-SI","potentialAction":[{"@type":"ReadAction","target":["https:\/\/www.planetgv.si\/knjigarna\/product\/revija-adma\/"]}]},{"@type":"ImageObject","inLanguage":"sl-SI","@id":"https:\/\/www.planetgv.si\/knjigarna\/product\/revija-adma\/#primaryimage","url":"https:\/\/www.planetgv.si\/wp-content\/uploads\/sites\/37\/2024\/07\/rADMA_Nov24_Naslovka_manjsa_335x448px.png","contentUrl":"https:\/\/www.planetgv.si\/wp-content\/uploads\/sites\/37\/2024\/07\/rADMA_Nov24_Naslovka_manjsa_335x448px.png","width":335,"height":448},{"@type":"BreadcrumbList","@id":"https:\/\/www.planetgv.si\/knjigarna\/product\/revija-adma\/#breadcrumb","itemListElement":[{"@type":"ListItem","position":1,"name":"Home","item":"https:\/\/www.planetgv.si\/knjigarna\/"},{"@type":"ListItem","position":2,"name":"Domov","item":"https:\/\/www.planetgv.si\/knjigarna\/"},{"@type":"ListItem","position":3,"name":"Revija ADMA"}]},{"@type":"WebSite","@id":"https:\/\/www.planetgv.si\/knjigarna\/#website","url":"https:\/\/www.planetgv.si\/knjigarna\/","name":"PlanetGV knjigarna","description":"","publisher":{"@id":"https:\/\/www.planetgv.si\/knjigarna\/#organization"},"potentialAction":[{"@type":"SearchAction","target":{"@type":"EntryPoint","urlTemplate":"https:\/\/www.planetgv.si\/knjigarna\/?s={search_term_string}"},"query-input":"required name=search_term_string"}],"inLanguage":"sl-SI"},{"@type":"Organization","@id":"https:\/\/www.planetgv.si\/knjigarna\/#organization","name":"PlanetGV knjigarna","url":"https:\/\/www.planetgv.si\/knjigarna\/","logo":{"@type":"ImageObject","inLanguage":"sl-SI","@id":"https:\/\/www.planetgv.si\/knjigarna\/#\/schema\/logo\/image\/","url":"https:\/\/www.planetgv.si\/wp-content\/uploads\/sites\/37\/2024\/07\/cropped-planetgv_logo-512-2.jpg","contentUrl":"https:\/\/www.planetgv.si\/wp-content\/uploads\/sites\/37\/2024\/07\/cropped-planetgv_logo-512-2.jpg","width":511,"height":120,"caption":"PlanetGV knjigarna"},"image":{"@id":"https:\/\/www.planetgv.si\/knjigarna\/#\/schema\/logo\/image\/"}}]}},"_links":{"self":[{"href":"https:\/\/www.planetgv.si\/knjigarna\/wp-json\/wp\/v2\/product\/37"}],"collection":[{"href":"https:\/\/www.planetgv.si\/knjigarna\/wp-json\/wp\/v2\/product"}],"about":[{"href":"https:\/\/www.planetgv.si\/knjigarna\/wp-json\/wp\/v2\/types\/product"}],"wp:featuredmedia":[{"embeddable":true,"href":"https:\/\/www.planetgv.si\/knjigarna\/wp-json\/wp\/v2\/media\/296"}],"wp:attachment":[{"href":"https:\/\/www.planetgv.si\/knjigarna\/wp-json\/wp\/v2\/media?parent=37"}],"wp:term":[{"taxonomy":"product_cat","embeddable":true,"href":"https:\/\/www.planetgv.si\/knjigarna\/wp-json\/wp\/v2\/product_cat?post=37"},{"taxonomy":"product_tag","embeddable":true,"href":"https:\/\/www.planetgv.si\/knjigarna\/wp-json\/wp\/v2\/product_tag?post=37"}],"curies":[{"name":"wp","href":"https:\/\/api.w.org\/{rel}","templated":true}]}}