{"id":8,"date":"2024-08-22T19:06:14","date_gmt":"2024-08-22T19:06:14","guid":{"rendered":"https:\/\/www.planetgv.si\/knjigarna\/?page_id=8"},"modified":"2025-05-05T20:51:03","modified_gmt":"2025-05-05T20:51:03","slug":"pogoji-poslovanja","status":"publish","type":"page","link":"https:\/\/www.planetgv.si\/knjigarna\/pogoji-poslovanja\/","title":{"rendered":"Pogoji poslovanja"},"content":{"rendered":"\n<p><\/p>\n\n\n\n<ol>\n<li>Splo\u0161no<br>Ti pogoji poslovanja dolo\u010dajo pravila uporabe spletne strani <a href=\"https:\/\/www.planetgv.si\/knjigarna\/\">PlanetGV knjigarne<\/a> in pogoje nakupa izdelkov prek spletne knjigarne. Z uporabo spletne strani in nakupom preko spletne trgovine se strinjate s spodaj navedenimi pogoji poslovanja.<\/li>\n\n\n\n<li>Naro\u010danje<br>Naro\u010dilo je mogo\u010de oddati prek spletne knjigarne 24 ur na dan, vse dni v letu. Po oddaji naro\u010dila boste prejeli potrditveno e-po\u0161to. V kolikor izdelka ni na zalogi, \u010deprav je izdelek v knjigarni na voljo, vas bomo o tem obvestili in vam omogo\u010dili preklic naro\u010dila ali dogovor za kasnej\u0161o dostavo.<\/li>\n\n\n\n<li>Cene<br>Vse cene so izra\u017eene v EUR in vklju\u010dujejo DDV. Pridr\u017eujemo si pravico do spremembe cen brez predhodnega obvestila. Cene, navedene ob naro\u010dilu, so dokon\u010dne in veljajo za dan nakupa.<\/li>\n\n\n\n<li>Na\u010dini pla\u010dila<br>Pla\u010dilo je mo\u017eno z naslednjimi metodami:<\/li>\n<\/ol>\n\n\n\n<ul>\n<li>Pla\u010dilo po povzetju<\/li>\n\n\n\n<li>Kreditna kartica (Visa, Mastercard)<\/li>\n\n\n\n<li>Google Pay, Apple Pay<\/li>\n<\/ul>\n\n\n\n<ol start=\"6\">\n<li>Dostava<br>Dostava se izvede na naslov, ki ste ga navedli ob naro\u010dilu. Stro\u0161ki dostave so navedeni ob naro\u010dilu in zna\u0161ajo 4 EUR brez DDV. Obi\u010dajni rok dostave je [<mark style=\"background-color:rgba(0, 0, 0, 0)\" class=\"has-inline-color has-primary-color\">\u0161tevilo dni<\/mark>] delovnih dni.<\/li>\n\n\n\n<li>Pravica do odstopa od pogodbe<br>V skladu z Zakonom o varstvu potro\u0161nikov imate pravico, da v 14 dneh od prevzema blaga odstopite od pogodbe brez navedbe razloga. Izdelek mora biti nepo\u0161kodovan, nerabljen in v originalni embala\u017ei. Stro\u0161ke vra\u010dila krije kupec.<\/li>\n\n\n\n<li>Reklamacije in garancija<br>V primeru reklamacij nas kontaktirajte na prijave@planetgv.si. Reklamacije re\u0161ujemo v skladu z veljavno zakonodajo. Garancijski rok je dnolo\u010den pri posameznih izdelkih.<\/li>\n\n\n\n<li>Varstvo osebnih podatkov<br>Va\u0161e osebne podatke varujemo v skladu z na\u0161o <a href=\"https:\/\/www.planetgv.si\/politika-zasebnosti\/\">politiko zasebnosti<\/a>. S sprejemom teh pogojev se strinjate z obdelavo va\u0161ih osebnih podatkov za potrebe izvedbe naro\u010dila.<\/li>\n\n\n\n<li>Omejitev odgovornosti<br>Spletna knjigarna ne odgovarja za morebitne napake na spletni strani, tehni\u010dne te\u017eave ali za\u010dasno nedostopnost storitev. Prav tako ne odgovarjamo za morebitne napake pri dostavi, ki so posledica napa\u010dnih podatkov, ki ste jih vnesli ob naro\u010dilu.<\/li>\n\n\n\n<li>Kon\u010dne dolo\u010dbe<br>Ti pogoji veljajo od [<mark style=\"background-color:rgba(0, 0, 0, 0)\" class=\"has-inline-color has-primary-color\">datum<\/mark>]. Pridr\u017eujemo si pravico do spremembe pogojev poslovanja brez predhodnega obvestila. Spremembe za\u010dnejo veljati z objavo na tej spletni strani.<\/li>\n<\/ol>\n","protected":false},"excerpt":{"rendered":"","protected":false},"author":1,"featured_media":0,"parent":0,"menu_order":0,"comment_status":"closed","ping_status":"closed","template":"","meta":{"footnotes":""},"acf":[],"yoast_head":"<!-- This site is optimized with the Yoast SEO plugin v22.6 - https:\/\/yoast.com\/wordpress\/plugins\/seo\/ -->\n<title>Pogoji poslovanja - PlanetGV knjigarna<\/title>\n<meta name=\"robots\" content=\"noindex, nofollow\" \/>\n<meta property=\"og:locale\" content=\"sl_SI\" \/>\n<meta property=\"og:type\" content=\"article\" \/>\n<meta property=\"og:title\" content=\"Pogoji poslovanja - PlanetGV knjigarna\" \/>\n<meta property=\"og:url\" content=\"https:\/\/www.planetgv.si\/knjigarna\/pogoji-poslovanja\/\" \/>\n<meta property=\"og:site_name\" content=\"PlanetGV knjigarna\" \/>\n<meta property=\"article:modified_time\" content=\"2025-05-05T20:51:03+00:00\" \/>\n<meta name=\"twitter:card\" content=\"summary_large_image\" \/>\n<meta name=\"twitter:label1\" content=\"Est. reading time\" \/>\n\t<meta name=\"twitter:data1\" content=\"2 minuti\" \/>\n<script type=\"application\/ld+json\" class=\"yoast-schema-graph\">{\"@context\":\"https:\/\/schema.org\",\"@graph\":[{\"@type\":\"WebPage\",\"@id\":\"https:\/\/www.planetgv.si\/knjigarna\/pogoji-poslovanja\/\",\"url\":\"https:\/\/www.planetgv.si\/knjigarna\/pogoji-poslovanja\/\",\"name\":\"Pogoji poslovanja - PlanetGV knjigarna\",\"isPartOf\":{\"@id\":\"https:\/\/www.planetgv.si\/knjigarna\/#website\"},\"datePublished\":\"2024-08-22T19:06:14+00:00\",\"dateModified\":\"2025-05-05T20:51:03+00:00\",\"breadcrumb\":{\"@id\":\"https:\/\/www.planetgv.si\/knjigarna\/pogoji-poslovanja\/#breadcrumb\"},\"inLanguage\":\"sl-SI\",\"potentialAction\":[{\"@type\":\"ReadAction\",\"target\":[\"https:\/\/www.planetgv.si\/knjigarna\/pogoji-poslovanja\/\"]}]},{\"@type\":\"BreadcrumbList\",\"@id\":\"https:\/\/www.planetgv.si\/knjigarna\/pogoji-poslovanja\/#breadcrumb\",\"itemListElement\":[{\"@type\":\"ListItem\",\"position\":1,\"name\":\"Home\",\"item\":\"https:\/\/www.planetgv.si\/knjigarna\/\"},{\"@type\":\"ListItem\",\"position\":2,\"name\":\"Pogoji poslovanja\"}]},{\"@type\":\"WebSite\",\"@id\":\"https:\/\/www.planetgv.si\/knjigarna\/#website\",\"url\":\"https:\/\/www.planetgv.si\/knjigarna\/\",\"name\":\"PlanetGV knjigarna\",\"description\":\"\",\"publisher\":{\"@id\":\"https:\/\/www.planetgv.si\/knjigarna\/#organization\"},\"potentialAction\":[{\"@type\":\"SearchAction\",\"target\":{\"@type\":\"EntryPoint\",\"urlTemplate\":\"https:\/\/www.planetgv.si\/knjigarna\/?s={search_term_string}\"},\"query-input\":\"required name=search_term_string\"}],\"inLanguage\":\"sl-SI\"},{\"@type\":\"Organization\",\"@id\":\"https:\/\/www.planetgv.si\/knjigarna\/#organization\",\"name\":\"PlanetGV knjigarna\",\"url\":\"https:\/\/www.planetgv.si\/knjigarna\/\",\"logo\":{\"@type\":\"ImageObject\",\"inLanguage\":\"sl-SI\",\"@id\":\"https:\/\/www.planetgv.si\/knjigarna\/#\/schema\/logo\/image\/\",\"url\":\"https:\/\/www.planetgv.si\/wp-content\/uploads\/sites\/37\/2024\/07\/cropped-planetgv_logo-512-2.jpg\",\"contentUrl\":\"https:\/\/www.planetgv.si\/wp-content\/uploads\/sites\/37\/2024\/07\/cropped-planetgv_logo-512-2.jpg\",\"width\":511,\"height\":120,\"caption\":\"PlanetGV knjigarna\"},\"image\":{\"@id\":\"https:\/\/www.planetgv.si\/knjigarna\/#\/schema\/logo\/image\/\"}}]}<\/script>\n<!-- \/ Yoast SEO plugin. -->","yoast_head_json":{"title":"Pogoji poslovanja - PlanetGV knjigarna","robots":{"index":"noindex","follow":"nofollow"},"og_locale":"sl_SI","og_type":"article","og_title":"Pogoji poslovanja - PlanetGV knjigarna","og_url":"https:\/\/www.planetgv.si\/knjigarna\/pogoji-poslovanja\/","og_site_name":"PlanetGV knjigarna","article_modified_time":"2025-05-05T20:51:03+00:00","twitter_card":"summary_large_image","twitter_misc":{"Est. reading time":"2 minuti"},"schema":{"@context":"https:\/\/schema.org","@graph":[{"@type":"WebPage","@id":"https:\/\/www.planetgv.si\/knjigarna\/pogoji-poslovanja\/","url":"https:\/\/www.planetgv.si\/knjigarna\/pogoji-poslovanja\/","name":"Pogoji poslovanja - PlanetGV knjigarna","isPartOf":{"@id":"https:\/\/www.planetgv.si\/knjigarna\/#website"},"datePublished":"2024-08-22T19:06:14+00:00","dateModified":"2025-05-05T20:51:03+00:00","breadcrumb":{"@id":"https:\/\/www.planetgv.si\/knjigarna\/pogoji-poslovanja\/#breadcrumb"},"inLanguage":"sl-SI","potentialAction":[{"@type":"ReadAction","target":["https:\/\/www.planetgv.si\/knjigarna\/pogoji-poslovanja\/"]}]},{"@type":"BreadcrumbList","@id":"https:\/\/www.planetgv.si\/knjigarna\/pogoji-poslovanja\/#breadcrumb","itemListElement":[{"@type":"ListItem","position":1,"name":"Home","item":"https:\/\/www.planetgv.si\/knjigarna\/"},{"@type":"ListItem","position":2,"name":"Pogoji poslovanja"}]},{"@type":"WebSite","@id":"https:\/\/www.planetgv.si\/knjigarna\/#website","url":"https:\/\/www.planetgv.si\/knjigarna\/","name":"PlanetGV knjigarna","description":"","publisher":{"@id":"https:\/\/www.planetgv.si\/knjigarna\/#organization"},"potentialAction":[{"@type":"SearchAction","target":{"@type":"EntryPoint","urlTemplate":"https:\/\/www.planetgv.si\/knjigarna\/?s={search_term_string}"},"query-input":"required name=search_term_string"}],"inLanguage":"sl-SI"},{"@type":"Organization","@id":"https:\/\/www.planetgv.si\/knjigarna\/#organization","name":"PlanetGV knjigarna","url":"https:\/\/www.planetgv.si\/knjigarna\/","logo":{"@type":"ImageObject","inLanguage":"sl-SI","@id":"https:\/\/www.planetgv.si\/knjigarna\/#\/schema\/logo\/image\/","url":"https:\/\/www.planetgv.si\/wp-content\/uploads\/sites\/37\/2024\/07\/cropped-planetgv_logo-512-2.jpg","contentUrl":"https:\/\/www.planetgv.si\/wp-content\/uploads\/sites\/37\/2024\/07\/cropped-planetgv_logo-512-2.jpg","width":511,"height":120,"caption":"PlanetGV knjigarna"},"image":{"@id":"https:\/\/www.planetgv.si\/knjigarna\/#\/schema\/logo\/image\/"}}]}},"_links":{"self":[{"href":"https:\/\/www.planetgv.si\/knjigarna\/wp-json\/wp\/v2\/pages\/8"}],"collection":[{"href":"https:\/\/www.planetgv.si\/knjigarna\/wp-json\/wp\/v2\/pages"}],"about":[{"href":"https:\/\/www.planetgv.si\/knjigarna\/wp-json\/wp\/v2\/types\/page"}],"author":[{"embeddable":true,"href":"https:\/\/www.planetgv.si\/knjigarna\/wp-json\/wp\/v2\/users\/1"}],"replies":[{"embeddable":true,"href":"https:\/\/www.planetgv.si\/knjigarna\/wp-json\/wp\/v2\/comments?post=8"}],"version-history":[{"count":1,"href":"https:\/\/www.planetgv.si\/knjigarna\/wp-json\/wp\/v2\/pages\/8\/revisions"}],"predecessor-version":[{"id":333,"href":"https:\/\/www.planetgv.si\/knjigarna\/wp-json\/wp\/v2\/pages\/8\/revisions\/333"}],"wp:attachment":[{"href":"https:\/\/www.planetgv.si\/knjigarna\/wp-json\/wp\/v2\/media?parent=8"}],"curies":[{"name":"wp","href":"https:\/\/api.w.org\/{rel}","templated":true}]}}